CRAN Package Check Results for Package withr

Last updated on 2017-12-20 00:47:26 CET.

Flavor Version Tinstall Tcheck Ttotal Status Flags
r-devel-linux-x86_64-debian-clang 2.1.0 1.13 26.72 27.85 ERROR
r-devel-linux-x86_64-debian-gcc 2.1.0 ERROR
r-devel-linux-x86_64-fedora-clang 2.1.1 39.33 OK
r-devel-linux-x86_64-fedora-gcc 2.1.0 32.49 ERROR
r-devel-windows-ix86+x86_64 2.1.0 5.00 39.00 44.00 ERROR
r-patched-linux-x86_64 2.1.0 1.02 28.21 29.23 ERROR
r-patched-solaris-x86 2.1.1 47.90 OK
r-release-linux-x86_64 2.1.0 1.15 27.86 29.01 ERROR
r-release-windows-ix86+x86_64 2.1.0 3.00 41.00 44.00 ERROR
r-release-osx-x86_64 2.1.0 NOTE
r-oldrel-windows-ix86+x86_64 2.1.0 3.00 47.00 50.00 ERROR
r-oldrel-osx-x86_64 2.1.0 NOTE

Check Details

Version: 2.1.0
Check: tests
Result: ERROR
     Running ‘testthat.R’ [8s/8s]
    Running the tests in ‘tests/testthat.R’ failed.
    Complete output:
     > library(testthat)
     > library(withr)
     >
     > test_check("withr")
     ── 1. Failure: (unknown) (@test-sink.R#50) ────────────────────────────────────
     readLines(tmp) not identical to "message".
     Lengths differ: 0 is not 1
    
     ── 2. Failure: (unknown) (@test-sink.R#50) ────────────────────────────────────
     readLines(tmp) not identical to c("message", "message 2").
     Lengths differ: 0 is not 2
    
     ══ testthat results ═══════════════════════════════════════════════════════════
     OK: 244 SKIPPED: 0 FAILED: 2
     1. Failure: (unknown) (@test-sink.R#50)
     2. Failure: (unknown) (@test-sink.R#50)
    
     Error: testthat unit tests failed
     Execution halted
Flavor: r-devel-linux-x86_64-debian-clang

Version: 2.1.0
Check: tests
Result: ERROR
     Running ‘testthat.R’ [6s/8s]
    Running the tests in ‘tests/testthat.R’ failed.
    Complete output:
     > library(testthat)
     > library(withr)
     >
     > test_check("withr")
     ── 1. Failure: (unknown) (@test-sink.R#50) ────────────────────────────────────
     readLines(tmp) not identical to "message".
     Lengths differ: 0 is not 1
    
     ── 2. Failure: (unknown) (@test-sink.R#50) ────────────────────────────────────
     readLines(tmp) not identical to c("message", "message 2").
     Lengths differ: 0 is not 2
    
     ══ testthat results ═══════════════════════════════════════════════════════════
     OK: 244 SKIPPED: 0 FAILED: 2
     1. Failure: (unknown) (@test-sink.R#50)
     2. Failure: (unknown) (@test-sink.R#50)
    
     Error: testthat unit tests failed
     Execution halted
Flavor: r-devel-linux-x86_64-debian-gcc

Version: 2.1.0
Check: dependencies in R code
Result: NOTE
    Namespace in Imports field not imported from: ‘lattice’
     All declared Imports should be used.
Flavors: r-devel-linux-x86_64-fedora-gcc, r-release-osx-x86_64, r-oldrel-osx-x86_64

Version: 2.1.0
Check: tests
Result: ERROR
     Running ‘testthat.R’ [6s/15s]
    Running the tests in ‘tests/testthat.R’ failed.
    Complete output:
     > library(testthat)
     > library(withr)
     >
     > test_check("withr")
     ── 1. Failure: (unknown) (@test-sink.R#50) ────────────────────────────────────
     readLines(tmp) not identical to "message".
     Lengths differ: 0 is not 1
    
     ── 2. Failure: (unknown) (@test-sink.R#50) ────────────────────────────────────
     readLines(tmp) not identical to c("message", "message 2").
     Lengths differ: 0 is not 2
    
     ══ testthat results ═══════════════════════════════════════════════════════════
     OK: 244 SKIPPED: 0 FAILED: 2
     1. Failure: (unknown) (@test-sink.R#50)
     2. Failure: (unknown) (@test-sink.R#50)
    
     Error: testthat unit tests failed
     Execution halted
Flavor: r-devel-linux-x86_64-fedora-gcc

Version: 2.1.0
Check: tests
Result: ERROR
     Running 'testthat.R' [7s]
    Running the tests in 'tests/testthat.R' failed.
    Last 13 lines of output:
     -- 1. Failure: (unknown) (@test-sink.R#50) ------------------------------------
     readLines(tmp) not identical to "message".
     Lengths differ: 0 is not 1
    
     -- 2. Failure: (unknown) (@test-sink.R#50) ------------------------------------
     readLines(tmp) not identical to c("message", "message 2").
     Lengths differ: 0 is not 2
    
     == testthat results ===========================================================
     OK: 244 SKIPPED: 0 FAILED: 2
     1. Failure: (unknown) (@test-sink.R#50)
     2. Failure: (unknown) (@test-sink.R#50)
    
     Error: testthat unit tests failed
     Execution halted
Flavor: r-devel-windows-ix86+x86_64

Version: 2.1.0
Check: tests
Result: ERROR
     Running ‘testthat.R’ [8s/10s]
    Running the tests in ‘tests/testthat.R’ failed.
    Complete output:
     > library(testthat)
     > library(withr)
     >
     > test_check("withr")
     ── 1. Failure: (unknown) (@test-sink.R#50) ────────────────────────────────────
     readLines(tmp) not identical to "message".
     Lengths differ: 0 is not 1
    
     ── 2. Failure: (unknown) (@test-sink.R#50) ────────────────────────────────────
     readLines(tmp) not identical to c("message", "message 2").
     Lengths differ: 0 is not 2
    
     ══ testthat results ═══════════════════════════════════════════════════════════
     OK: 244 SKIPPED: 0 FAILED: 2
     1. Failure: (unknown) (@test-sink.R#50)
     2. Failure: (unknown) (@test-sink.R#50)
    
     Error: testthat unit tests failed
     Execution halted
Flavors: r-patched-linux-x86_64, r-release-linux-x86_64

Version: 2.1.0
Check: tests
Result: ERROR
     Running 'testthat.R' [9s]
    Running the tests in 'tests/testthat.R' failed.
    Last 13 lines of output:
     -- 1. Failure: (unknown) (@test-sink.R#50) ------------------------------------
     readLines(tmp) not identical to "message".
     Lengths differ: 0 is not 1
    
     -- 2. Failure: (unknown) (@test-sink.R#50) ------------------------------------
     readLines(tmp) not identical to c("message", "message 2").
     Lengths differ: 0 is not 2
    
     == testthat results ===========================================================
     OK: 244 SKIPPED: 0 FAILED: 2
     1. Failure: (unknown) (@test-sink.R#50)
     2. Failure: (unknown) (@test-sink.R#50)
    
     Error: testthat unit tests failed
     Execution halted
Flavor: r-release-windows-ix86+x86_64

Version: 2.1.0
Check: tests
Result: ERROR
     Running 'testthat.R' [5s]
    Running the tests in 'tests/testthat.R' failed.
    Last 13 lines of output:
     -- 1. Failure: (unknown) (@test-sink.R#50) ------------------------------------
     readLines(tmp) not identical to "message".
     Lengths differ: 0 is not 1
    
     -- 2. Failure: (unknown) (@test-sink.R#50) ------------------------------------
     readLines(tmp) not identical to c("message", "message 2").
     Lengths differ: 0 is not 2
    
     == testthat results ===========================================================
     OK: 244 SKIPPED: 0 FAILED: 2
     1. Failure: (unknown) (@test-sink.R#50)
     2. Failure: (unknown) (@test-sink.R#50)
    
     Error: testthat unit tests failed
     Execution halted
Flavor: r-oldrel-windows-ix86+x86_64