Last updated on 2018-02-25 00:48:31 CET.
Flavor | Version | Tinstall | Tcheck | Ttotal | Status | Flags |
---|---|---|---|---|---|---|
r-devel-linux-x86_64-debian-clang | 1.1 | 1.89 | 25.39 | 27.28 | OK | |
r-devel-linux-x86_64-debian-gcc | 1.1 | 1.55 | 20.15 | 21.70 | OK | |
r-devel-linux-x86_64-fedora-clang | 1.1 | 30.87 | OK | |||
r-devel-linux-x86_64-fedora-gcc | 1.1 | 33.65 | OK | |||
r-devel-windows-ix86+x86_64 | 1.1 | 5.00 | 85.00 | 90.00 | OK | |
r-patched-linux-x86_64 | 1.1 | 1.05 | 27.06 | 28.11 | OK | |
r-patched-solaris-x86 | 1.1 | 44.30 | OK | |||
r-release-linux-x86_64 | 1.1 | 1.08 | 26.75 | 27.83 | OK | |
r-release-windows-ix86+x86_64 | 1.1 | 3.00 | 79.00 | 82.00 | OK | |
r-release-osx-x86_64 | 1.1 | OK | ||||
r-oldrel-windows-ix86+x86_64 | 1.0 | 3.00 | 78.00 | 81.00 | OK | |
r-oldrel-osx-x86_64 | 1.1 | ERROR |
Version: 1.1
Check: whether package can be installed
Result: ERROR
Installation failed.
Flavor: r-oldrel-osx-x86_64