Last updated on 2018-02-25 00:48:34 CET.
Flavor | Version | Tinstall | Tcheck | Ttotal | Status | Flags |
---|---|---|---|---|---|---|
r-devel-linux-x86_64-debian-clang | 1.1.1 | 2.21 | 20.18 | 22.39 | OK | |
r-devel-linux-x86_64-debian-gcc | 1.1.1 | 1.55 | 15.93 | 17.48 | OK | |
r-devel-linux-x86_64-fedora-clang | 1.1.1 | 26.10 | OK | |||
r-devel-linux-x86_64-fedora-gcc | 1.1.1 | 26.55 | OK | |||
r-devel-windows-ix86+x86_64 | 1.1.1 | 13.00 | 53.00 | 66.00 | OK | |
r-patched-linux-x86_64 | 1.1.1 | 1.58 | 19.14 | 20.72 | OK | |
r-patched-solaris-x86 | 1.1.1 | 52.20 | OK | |||
r-release-linux-x86_64 | 1.1.1 | 1.56 | 19.73 | 21.29 | OK | |
r-release-windows-ix86+x86_64 | 1.1.1 | 7.00 | 47.00 | 54.00 | OK | |
r-release-osx-x86_64 | 1.1.1 | NOTE | ||||
r-oldrel-windows-ix86+x86_64 | 1.1.1 | 6.00 | 38.00 | 44.00 | OK | |
r-oldrel-osx-x86_64 | 1.0.1 | NOTE |
Version: 1.1.1
Check: package dependencies
Result: NOTE
Package suggested but not available for checking: ‘Rmpi’
Flavor: r-release-osx-x86_64
Version: 1.0.1
Check: package dependencies
Result: NOTE
Package suggested but not available for checking: ‘Rmpi’
Flavor: r-oldrel-osx-x86_64