Last updated on 2018-02-25 00:48:34 CET.
Flavor | Version | Tinstall | Tcheck | Ttotal | Status | Flags |
---|---|---|---|---|---|---|
r-devel-linux-x86_64-debian-clang | 1.0.1 | 3.75 | 120.31 | 124.06 | OK | |
r-devel-linux-x86_64-debian-gcc | 1.0.1 | 4.22 | 95.79 | 100.01 | OK | |
r-devel-linux-x86_64-fedora-clang | 1.0.1 | 146.78 | OK | |||
r-devel-linux-x86_64-fedora-gcc | 1.0.1 | 155.27 | OK | |||
r-devel-windows-ix86+x86_64 | 1.0.1 | 12.00 | 170.00 | 182.00 | OK | |
r-patched-linux-x86_64 | 1.0.1 | 3.80 | 123.81 | 127.61 | OK | |
r-patched-solaris-x86 | 1.0.1 | 179.40 | OK | |||
r-release-linux-x86_64 | 1.0.1 | 4.38 | 122.89 | 127.27 | OK | |
r-release-windows-ix86+x86_64 | 1.0.1 | 14.00 | 158.00 | 172.00 | OK | |
r-release-osx-x86_64 | 1.0.1 | NOTE | ||||
r-oldrel-windows-ix86+x86_64 | 1.0.1 | 10.00 | 124.00 | 134.00 | OK | |
r-oldrel-osx-x86_64 | 1.0.1 | OK |
Version: 1.0.1
Check: re-building of vignette outputs
Result: NOTE
Error in re-building vignettes:
...
Loading required package: seriation
Error in texi2dvi(file = file, pdf = TRUE, clean = clean, quiet = quiet, :
Running 'texi2dvi' on 'vignetteClustered.tex' failed.
LaTeX errors:
! LaTeX Error: File `biblatex.sty' not found.
Type X to quit or <RETURN> to proceed,
or enter new name. (Default extension: sty)
! Emergency stop.
<read *>
l.6 \bibliography
{ClusteredMutationsVignettes.bib}^^M
! ==> Fatal error occurred, no output PDF file produced!
Calls: buildVignettes -> texi2pdf -> texi2dvi
Execution halted
Flavor: r-release-osx-x86_64