Last updated on 2018-02-25 00:48:35 CET.
Flavor | Version | Tinstall | Tcheck | Ttotal | Status | Flags |
---|---|---|---|---|---|---|
r-devel-linux-x86_64-debian-clang | 1.0 | 3.92 | 52.06 | 55.98 | NOTE | |
r-devel-linux-x86_64-debian-gcc | 1.0 | 4.10 | 41.93 | 46.03 | NOTE | |
r-devel-linux-x86_64-fedora-clang | 1.0 | 69.64 | NOTE | |||
r-devel-linux-x86_64-fedora-gcc | 1.0 | 74.49 | NOTE | |||
r-devel-windows-ix86+x86_64 | 1.0 | 11.00 | 85.00 | 96.00 | NOTE | |
r-patched-linux-x86_64 | 1.0 | 3.79 | 52.29 | 56.08 | NOTE | |
r-patched-solaris-x86 | 1.0 | 113.50 | NOTE | |||
r-release-linux-x86_64 | 1.0 | 3.22 | 52.21 | 55.43 | NOTE | |
r-release-windows-ix86+x86_64 | 1.0 | 11.00 | 81.00 | 92.00 | NOTE | |
r-release-osx-x86_64 | 1.0 | NOTE | ||||
r-oldrel-windows-ix86+x86_64 | 1.0 | 6.00 | 61.00 | 67.00 | NOTE | |
r-oldrel-osx-x86_64 | 1.0 | NOTE |
Version: 1.0
Check: R code for possible problems
Result: NOTE
RValues: no visible global function definition for ‘cor.test’
commcorrelogram: no visible global function definition for ‘p.adjust’
lag.sort: no visible global function definition for ‘combn’
lagSelect: no visible global function definition for ‘dev.new’
lagSelect: no visible global function definition for ‘par’
mod.commcorrelogram: no visible global function definition for
‘na.omit’
mod.commcorrelogram: no visible global function definition for ‘nlminb’
mod.commcorrelogram: no visible global function definition for
‘uniroot’
mod.commcorrelogram: no visible global function definition for ‘par’
mod.commcorrelogram: no visible global function definition for ‘abline’
mod.commcorrelogram: no visible global function definition for ‘lines’
mod.commcorrelogram: no visible global function definition for ‘legend’
plot.commcorrelogram: no visible global function definition for
‘na.omit’
plot.commcorrelogram: no visible global function definition for ‘par’
plot.commcorrelogram: no visible global function definition for
‘abline’
plot.commcorrelogram: no visible global function definition for
‘legend’
mod,commcorrelogram: no visible global function definition for
‘na.omit’
mod,commcorrelogram: no visible global function definition for ‘nlminb’
mod,commcorrelogram: no visible global function definition for
‘uniroot’
mod,commcorrelogram: no visible global function definition for ‘par’
mod,commcorrelogram: no visible global function definition for ‘abline’
mod,commcorrelogram: no visible global function definition for ‘lines’
mod,commcorrelogram: no visible global function definition for ‘legend’
plot,commcorrelogram-missing: no visible global function definition for
‘na.omit’
plot,commcorrelogram-missing: no visible global function definition for
‘par’
plot,commcorrelogram-missing: no visible global function definition for
‘abline’
plot,commcorrelogram-missing: no visible global function definition for
‘legend’
Undefined global functions or variables:
abline combn cor.test dev.new legend lines na.omit nlminb p.adjust
par uniroot
Consider adding
importFrom("grDevices", "dev.new")
importFrom("graphics", "abline", "legend", "lines", "par")
importFrom("stats", "cor.test", "na.omit", "nlminb", "p.adjust",
"uniroot")
importFrom("utils", "combn")
to your NAMESPACE file.
Flavors: r-devel-linux-x86_64-debian-clang, r-devel-linux-x86_64-debian-gcc, r-devel-linux-x86_64-fedora-clang, r-devel-linux-x86_64-fedora-gcc, r-devel-windows-ix86+x86_64, r-patched-linux-x86_64, r-patched-solaris-x86, r-release-linux-x86_64, r-release-windows-ix86+x86_64, r-release-osx-x86_64, r-oldrel-windows-ix86+x86_64, r-oldrel-osx-x86_64