Last updated on 2018-02-25 00:48:35 CET.
Flavor | Version | Tinstall | Tcheck | Ttotal | Status | Flags |
---|---|---|---|---|---|---|
r-devel-linux-x86_64-debian-clang | 1.2.2 | 5.10 | 65.00 | 70.10 | OK | |
r-devel-linux-x86_64-debian-gcc | 1.2.2 | 4.26 | 52.01 | 56.27 | OK | |
r-devel-linux-x86_64-fedora-clang | 1.2.2 | 88.85 | OK | |||
r-devel-linux-x86_64-fedora-gcc | 1.2.2 | 89.21 | OK | |||
r-devel-windows-ix86+x86_64 | 1.2.2 | 14.00 | 140.00 | 154.00 | OK | |
r-patched-linux-x86_64 | 1.2.2 | 4.20 | 75.80 | 80.00 | OK | |
r-patched-solaris-x86 | 1.2.2 | 123.00 | OK | |||
r-release-linux-x86_64 | 1.2.2 | 3.94 | 74.94 | 78.88 | OK | |
r-release-windows-ix86+x86_64 | 1.2.2 | 13.00 | 146.00 | 159.00 | OK | |
r-release-osx-x86_64 | 1.2.2 | WARN | ||||
r-oldrel-windows-ix86+x86_64 | 1.2.2 | 9.00 | 95.00 | 104.00 | OK | |
r-oldrel-osx-x86_64 | 1.2.2 | OK |
Version: 1.2.2
Check: re-building of vignette outputs
Result: WARN
Error in re-building vignettes:
...
Error: processing vignette 'CryptRndTest.ltx' failed with diagnostics:
Running 'texi2dvi' on 'CryptRndTest.ltx' failed.
LaTeX errors:
! LaTeX Error: File `titlesec.sty' not found.
Type X to quit or <RETURN> to proceed,
or enter new name. (Default extension: sty)
! Emergency stop.
<read *>
l.99 \usepackage
{titletoc}^^M
! ==> Fatal error occurred, no output PDF file produced!
Execution halted
Flavor: r-release-osx-x86_64