Last updated on 2018-02-25 00:48:36 CET.
Flavor | Version | Tinstall | Tcheck | Ttotal | Status | Flags |
---|---|---|---|---|---|---|
r-devel-linux-x86_64-debian-clang | 2.2-4 | 2.49 | 35.75 | 38.24 | NOTE | |
r-devel-linux-x86_64-debian-gcc | 2.2-4 | 1.82 | 27.23 | 29.05 | NOTE | |
r-devel-linux-x86_64-fedora-clang | 2.2-4 | 47.32 | NOTE | |||
r-devel-linux-x86_64-fedora-gcc | 2.2-4 | 48.07 | NOTE | |||
r-devel-windows-ix86+x86_64 | 2.2-4 | 15.00 | 89.00 | 104.00 | OK | |
r-patched-linux-x86_64 | 2.2-4 | 1.78 | 38.68 | 40.46 | NOTE | |
r-patched-solaris-x86 | 2.2-4 | 61.30 | OK | |||
r-release-linux-x86_64 | 2.2-4 | 1.88 | 38.39 | 40.27 | NOTE | |
r-release-windows-ix86+x86_64 | 2.2-4 | 8.00 | 85.00 | 93.00 | OK | |
r-release-osx-x86_64 | 2.2-4 | OK | ||||
r-oldrel-windows-ix86+x86_64 | 2.2-4 | 8.00 | 66.00 | 74.00 | OK | |
r-oldrel-osx-x86_64 | 2.2-4 | OK |
Version: 2.2-4
Check: compiled code
Result: NOTE
File ‘DEoptim/libs/DEoptim.so’:
Found no calls to: ‘R_registerRoutines’, ‘R_useDynamicSymbols’
It is good practice to register native routines and to disable symbol
search.
See ‘Writing portable packages’ in the ‘Writing R Extensions’ manual.
Flavors: r-devel-linux-x86_64-debian-clang, r-devel-linux-x86_64-debian-gcc, r-devel-linux-x86_64-fedora-clang, r-devel-linux-x86_64-fedora-gcc, r-patched-linux-x86_64, r-release-linux-x86_64