Last updated on 2018-02-25 00:48:37 CET.
Flavor | Version | Tinstall | Tcheck | Ttotal | Status | Flags |
---|---|---|---|---|---|---|
r-devel-linux-x86_64-debian-clang | 0.1.2 | 19.81 | 42.96 | 62.77 | NOTE | |
r-devel-linux-x86_64-debian-gcc | 0.1.2 | 17.10 | 33.96 | 51.06 | NOTE | |
r-devel-linux-x86_64-fedora-clang | 0.1.2 | 83.35 | NOTE | |||
r-devel-linux-x86_64-fedora-gcc | 0.1.2 | 81.30 | NOTE | |||
r-devel-windows-ix86+x86_64 | 0.1.2 | 60.00 | 99.00 | 159.00 | OK | |
r-patched-linux-x86_64 | 0.1.2 | 18.51 | 46.01 | 64.52 | NOTE | |
r-patched-solaris-x86 | 0.1.2 | 90.70 | OK | |||
r-release-linux-x86_64 | 0.1.2 | 18.52 | 45.86 | 64.38 | NOTE | |
r-release-windows-ix86+x86_64 | 0.1.2 | 58.00 | 93.00 | 151.00 | OK | |
r-release-osx-x86_64 | 0.1.2 | OK | ||||
r-oldrel-windows-ix86+x86_64 | 0.1.2 | 41.00 | 66.00 | 107.00 | OK | |
r-oldrel-osx-x86_64 | 0.1.2 | OK |
Version: 0.1.2
Check: compiled code
Result: NOTE
File ‘DiffusionRimp/libs/DiffusionRimp.so’:
Found no calls to: ‘R_registerRoutines’, ‘R_useDynamicSymbols’
It is good practice to register native routines and to disable symbol
search.
See ‘Writing portable packages’ in the ‘Writing R Extensions’ manual.
Flavors: r-devel-linux-x86_64-debian-clang, r-devel-linux-x86_64-debian-gcc, r-devel-linux-x86_64-fedora-clang, r-devel-linux-x86_64-fedora-gcc, r-patched-linux-x86_64, r-release-linux-x86_64