CRAN Package Check Results for Package DoE.MIParray

Last updated on 2018-02-25 00:48:37 CET.

Flavor Version Tinstall Tcheck Ttotal Status Flags
r-devel-linux-x86_64-debian-clang 0.10 3.33 32.81 36.14 NOTE
r-devel-linux-x86_64-debian-gcc 0.10 2.46 25.46 27.92 NOTE
r-devel-linux-x86_64-fedora-clang 0.10 44.39 NOTE
r-devel-linux-x86_64-fedora-gcc 0.10 42.24 NOTE
r-devel-windows-ix86+x86_64 0.10 8.00 55.00 63.00 NOTE
r-patched-linux-x86_64 0.10 1.36 34.69 36.05 NOTE
r-patched-solaris-x86 0.10 54.20 NOTE
r-release-linux-x86_64 0.10 1.64 34.68 36.32 NOTE
r-release-windows-ix86+x86_64 0.10 5.00 58.00 63.00 NOTE
r-release-osx-x86_64 0.10 NOTE
r-oldrel-windows-ix86+x86_64 0.10 4.00 58.00 62.00 NOTE
r-oldrel-osx-x86_64 0.10 NOTE

Check Details

Version: 0.10
Check: package dependencies
Result: NOTE
    Packages which this enhances but not available for checking:
     ‘gurobi’ ‘Rmosek’
Flavors: r-devel-linux-x86_64-debian-clang, r-devel-linux-x86_64-debian-gcc, r-devel-linux-x86_64-fedora-clang, r-devel-linux-x86_64-fedora-gcc, r-devel-windows-ix86+x86_64, r-patched-linux-x86_64, r-patched-solaris-x86, r-release-linux-x86_64, r-release-windows-ix86+x86_64, r-release-osx-x86_64, r-oldrel-windows-ix86+x86_64, r-oldrel-osx-x86_64