Last updated on 2018-02-25 00:48:39 CET.
Flavor | Version | Tinstall | Tcheck | Ttotal | Status | Flags |
---|---|---|---|---|---|---|
r-devel-linux-x86_64-debian-clang | 1.4.1 | 1.33 | 22.86 | 24.19 | OK | |
r-devel-linux-x86_64-debian-gcc | 1.4.1 | 1.54 | 17.95 | 19.49 | OK | |
r-devel-linux-x86_64-fedora-clang | 1.4.1 | 29.64 | OK | |||
r-devel-linux-x86_64-fedora-gcc | 1.4.1 | 29.86 | OK | |||
r-devel-windows-ix86+x86_64 | 1.4.1 | 5.00 | 46.00 | 51.00 | OK | |
r-patched-linux-x86_64 | 1.4.1 | 0.91 | 22.82 | 23.73 | OK | |
r-patched-solaris-x86 | 1.4.1 | 37.70 | OK | |||
r-release-linux-x86_64 | 1.4.1 | 0.89 | 22.72 | 23.61 | OK | |
r-release-windows-ix86+x86_64 | 1.4.1 | 3.00 | 46.00 | 49.00 | OK | |
r-release-osx-x86_64 | 1.4.1 | OK | ||||
r-oldrel-windows-ix86+x86_64 | 1.4.1 | 3.00 | 34.00 | 37.00 | OK | |
r-oldrel-osx-x86_64 | 1.3 | NOTE |
Version: 1.3
Check: package dependencies
Result: NOTE
Package suggested but not available for checking: ‘RODBC’
Flavor: r-oldrel-osx-x86_64
Version: 1.3
Check: Rd cross-references
Result: NOTE
Package unavailable to check Rd xrefs: ‘RODBC’
Flavor: r-oldrel-osx-x86_64