Last updated on 2018-02-25 00:48:38 CET.
Flavor | Version | Tinstall | Tcheck | Ttotal | Status | Flags |
---|---|---|---|---|---|---|
r-devel-linux-x86_64-debian-clang | 1.0 | 1.70 | 21.78 | 23.48 | NOTE | |
r-devel-linux-x86_64-debian-gcc | 1.0 | 1.74 | 19.90 | 21.64 | NOTE | |
r-devel-linux-x86_64-fedora-clang | 1.0 | 28.38 | NOTE | |||
r-devel-linux-x86_64-fedora-gcc | 1.0 | 27.85 | NOTE | |||
r-devel-windows-ix86+x86_64 | 1.0 | 6.00 | 52.00 | 58.00 | NOTE | |
r-patched-linux-x86_64 | 1.0 | 1.47 | 23.38 | 24.85 | NOTE | |
r-patched-solaris-x86 | 1.0 | 44.40 | NOTE | |||
r-release-linux-x86_64 | 1.0 | 1.49 | 23.34 | 24.83 | NOTE | |
r-release-windows-ix86+x86_64 | 1.0 | 3.00 | 51.00 | 54.00 | NOTE | |
r-release-osx-x86_64 | 1.0 | NOTE | ||||
r-oldrel-windows-ix86+x86_64 | 1.0 | 3.00 | 33.00 | 36.00 | NOTE | |
r-oldrel-osx-x86_64 | 1.0 | NOTE |
Version: 1.0
Check: DESCRIPTION meta-information
Result: NOTE
Malformed Title field: should not end in a period.
Flavors: r-devel-linux-x86_64-debian-clang, r-devel-linux-x86_64-debian-gcc, r-devel-linux-x86_64-fedora-clang, r-devel-linux-x86_64-fedora-gcc, r-devel-windows-ix86+x86_64, r-patched-linux-x86_64, r-patched-solaris-x86, r-release-linux-x86_64, r-release-windows-ix86+x86_64, r-release-osx-x86_64, r-oldrel-windows-ix86+x86_64, r-oldrel-osx-x86_64
Version: 1.0
Check: R code for possible problems
Result: NOTE
MARK.MCMC : Model.Creator: no visible global function definition for
‘combn’
MARK.MCMC : formula.Maker: no visible global function definition for
‘combn’
Simulate.CH: no visible global function definition for ‘rnorm’
Simulate.CH: no visible global function definition for ‘rbinom’
Undefined global functions or variables:
combn rbinom rnorm
Consider adding
importFrom("stats", "rbinom", "rnorm")
importFrom("utils", "combn")
to your NAMESPACE file.
Flavors: r-devel-linux-x86_64-debian-clang, r-devel-linux-x86_64-debian-gcc, r-devel-linux-x86_64-fedora-clang, r-devel-linux-x86_64-fedora-gcc, r-devel-windows-ix86+x86_64, r-patched-linux-x86_64, r-patched-solaris-x86, r-release-linux-x86_64, r-release-windows-ix86+x86_64, r-release-osx-x86_64, r-oldrel-windows-ix86+x86_64, r-oldrel-osx-x86_64