Last updated on 2018-02-25 00:48:41 CET.
Flavor | Version | Tinstall | Tcheck | Ttotal | Status | Flags |
---|---|---|---|---|---|---|
r-devel-linux-x86_64-debian-clang | 0.1.8 | 29.88 | 542.64 | 572.52 | NOTE | |
r-devel-linux-x86_64-debian-gcc | 0.1.8 | 24.60 | 407.95 | 432.55 | NOTE | |
r-devel-linux-x86_64-fedora-clang | 0.1.8 | 667.18 | NOTE | |||
r-devel-linux-x86_64-fedora-gcc | 0.1.8 | 701.52 | NOTE | |||
r-devel-windows-ix86+x86_64 | 0.1.8 | 83.00 | 384.00 | 467.00 | NOTE | --no-vignettes |
r-patched-linux-x86_64 | 0.1.8 | 22.37 | 574.46 | 596.83 | NOTE | |
r-patched-solaris-x86 | 0.1.8 | 1072.00 | NOTE | |||
r-release-linux-x86_64 | 0.1.8 | 22.18 | 578.05 | 600.23 | NOTE | |
r-release-windows-ix86+x86_64 | 0.1.8 | 77.00 | 526.00 | 603.00 | NOTE | --no-vignettes |
r-release-osx-x86_64 | 0.1.8 | NOTE | ||||
r-oldrel-windows-ix86+x86_64 | 0.1.8 | 58.00 | 486.00 | 544.00 | NOTE | --no-vignettes |
r-oldrel-osx-x86_64 | 0.1.7 | NOTE |
Version: 0.1.8
Check: package dependencies
Result: NOTE
Package suggested but not available for checking: ‘INLA’
Package which this enhances but not available for checking: ‘dggrids’
Flavors: r-devel-linux-x86_64-debian-clang, r-devel-linux-x86_64-debian-gcc, r-patched-linux-x86_64, r-patched-solaris-x86, r-release-linux-x86_64, r-release-osx-x86_64
Version: 0.1.8
Check: package dependencies
Result: NOTE
Package which this enhances but not available for checking: ‘dggrids’
Flavors: r-devel-linux-x86_64-fedora-clang, r-devel-linux-x86_64-fedora-gcc
Version: 0.1.8
Check: installed package size
Result: NOTE
installed size is 7.7Mb
sub-directories of 1Mb or more:
data 4.8Mb
doc 1.6Mb
Flavors: r-devel-linux-x86_64-fedora-clang, r-devel-linux-x86_64-fedora-gcc, r-patched-solaris-x86, r-release-osx-x86_64
Version: 0.1.8
Flags: --no-vignettes
Check: package dependencies
Result: NOTE
Package which this enhances but not available for checking: 'dggrids'
Flavors: r-devel-windows-ix86+x86_64, r-release-windows-ix86+x86_64
Version: 0.1.8
Flags: --no-vignettes
Check: installed package size
Result: NOTE
installed size is 8.7Mb
sub-directories of 1Mb or more:
data 4.8Mb
doc 1.6Mb
libs 1.5Mb
Flavors: r-devel-windows-ix86+x86_64, r-release-windows-ix86+x86_64, r-oldrel-windows-ix86+x86_64
Version: 0.1.7
Check: package dependencies
Result: NOTE
Package suggested but not available for checking: ‘INLA’
Package which this enhances but not available for checking: ‘dggrids’
Flavor: r-oldrel-osx-x86_64
Version: 0.1.7
Check: installed package size
Result: NOTE
installed size is 7.4Mb
sub-directories of 1Mb or more:
data 4.8Mb
doc 1.6Mb
Flavor: r-oldrel-osx-x86_64