Last updated on 2018-02-25 00:48:41 CET.
Flavor | Version | Tinstall | Tcheck | Ttotal | Status | Flags |
---|---|---|---|---|---|---|
r-devel-linux-x86_64-debian-clang | 3.0.2 | 3.93 | 61.65 | 65.58 | OK | |
r-devel-linux-x86_64-debian-gcc | 3.0.2 | 3.07 | 0.02 | 3.09 | FAIL | |
r-devel-linux-x86_64-fedora-clang | 3.0.2 | 78.83 | OK | |||
r-devel-linux-x86_64-fedora-gcc | 3.0.2 | 79.31 | OK | |||
r-devel-windows-ix86+x86_64 | 3.0.2 | 11.00 | 93.00 | 104.00 | OK | |
r-patched-linux-x86_64 | 3.0.2 | 3.45 | 66.67 | 70.12 | OK | |
r-patched-solaris-x86 | 3.0.2 | 101.00 | OK | |||
r-release-linux-x86_64 | 3.0.2 | 4.04 | 65.67 | 69.71 | OK | |
r-release-windows-ix86+x86_64 | 3.0.2 | 7.00 | 123.00 | 130.00 | OK | |
r-release-osx-x86_64 | 3.0.2 | OK | ||||
r-oldrel-windows-ix86+x86_64 | 3.0.2 | 7.00 | 70.00 | 77.00 | OK | |
r-oldrel-osx-x86_64 | 3.0.2 | OK |
Version: 3.0.2
Check: examples
Result: FAIL
Flavor: r-devel-linux-x86_64-debian-gcc