CRAN Package Check Results for Package GEVStableGarch

Last updated on 2018-02-25 00:48:42 CET.

Flavor Version Tinstall Tcheck Ttotal Status Flags
r-devel-linux-x86_64-debian-clang 1.1 5.17 55.50 60.67 NOTE
r-devel-linux-x86_64-debian-gcc 1.1 5.78 44.16 49.94 NOTE
r-devel-linux-x86_64-fedora-clang 1.1 75.11 NOTE
r-devel-linux-x86_64-fedora-gcc 1.1 75.04 NOTE
r-devel-windows-ix86+x86_64 1.1 13.00 95.00 108.00 NOTE
r-patched-linux-x86_64 1.1 3.48 61.01 64.49 NOTE
r-patched-solaris-x86 1.1 99.40 NOTE
r-release-linux-x86_64 1.1 2.90 60.76 63.66 NOTE
r-release-windows-ix86+x86_64 1.1 11.00 92.00 103.00 NOTE
r-release-osx-x86_64 1.1 NOTE
r-oldrel-windows-ix86+x86_64 1.1 6.00 69.00 75.00 NOTE
r-oldrel-osx-x86_64 1.1 NOTE

Check Details

Version: 1.1
Check: dependencies in R code
Result: NOTE
    Missing or unexported object: ‘stable::dstable.quick’
Flavors: r-devel-linux-x86_64-debian-clang, r-devel-linux-x86_64-debian-gcc, r-devel-linux-x86_64-fedora-clang, r-devel-linux-x86_64-fedora-gcc, r-devel-windows-ix86+x86_64, r-patched-linux-x86_64, r-patched-solaris-x86, r-release-linux-x86_64, r-release-windows-ix86+x86_64, r-release-osx-x86_64, r-oldrel-windows-ix86+x86_64

Version: 1.1
Check: package dependencies
Result: NOTE
    Package which this enhances but not available for checking: ‘stable’
Flavor: r-oldrel-osx-x86_64