CRAN Package Check Results for Package GWLelast

Last updated on 2018-02-25 00:48:43 CET.

Flavor Version Tinstall Tcheck Ttotal Status Flags
r-devel-linux-x86_64-debian-clang 1.1 3.84 49.64 53.48 NOTE
r-devel-linux-x86_64-debian-gcc 1.1 3.07 39.11 42.18 NOTE
r-devel-linux-x86_64-fedora-clang 1.1 65.64 NOTE
r-devel-linux-x86_64-fedora-gcc 1.1 65.63 NOTE
r-devel-windows-ix86+x86_64 1.1 11.00 75.00 86.00 NOTE
r-patched-linux-x86_64 1.1 2.96 49.99 52.95 NOTE
r-patched-solaris-x86 1.1 99.70 NOTE
r-release-linux-x86_64 1.1 3.61 49.50 53.11 NOTE
r-release-windows-ix86+x86_64 1.1 10.00 77.00 87.00 NOTE
r-release-osx-x86_64 1.1 NOTE
r-oldrel-windows-ix86+x86_64 1.1 7.00 55.00 62.00 NOTE
r-oldrel-osx-x86_64 1.1 NOTE

Check Details

Version: 1.1
Check: R code for possible problems
Result: NOTE
    GWLelast.est: no visible global function definition for ‘dist’
    GWLelast.inner: no visible global function definition for ‘predict’
    GWLelast.inner.parallel: no visible global function definition for
     ‘predict’
    GWLelast.sel.bw: no visible global function definition for ‘dist’
    GWLelast.sel.bw: no visible global function definition for ‘optimize’
    Undefined global functions or variables:
     dist optimize predict
    Consider adding
     importFrom("stats", "dist", "optimize", "predict")
    to your NAMESPACE file.
Flavors: r-devel-linux-x86_64-debian-clang, r-devel-linux-x86_64-debian-gcc, r-devel-linux-x86_64-fedora-clang, r-devel-linux-x86_64-fedora-gcc, r-devel-windows-ix86+x86_64, r-patched-linux-x86_64, r-patched-solaris-x86, r-release-linux-x86_64, r-release-windows-ix86+x86_64, r-release-osx-x86_64, r-oldrel-windows-ix86+x86_64, r-oldrel-osx-x86_64