Last updated on 2018-02-25 00:48:41 CET.
Flavor | Version | Tinstall | Tcheck | Ttotal | Status | Flags |
---|---|---|---|---|---|---|
r-devel-linux-x86_64-debian-clang | 0.2.6 | 35.32 | 93.13 | 128.45 | OK | |
r-devel-linux-x86_64-debian-gcc | 0.2.6 | 27.13 | 74.42 | 101.55 | OK | |
r-devel-windows-ix86+x86_64 | 0.2.6 | 87.00 | 182.00 | 269.00 | OK | |
r-patched-linux-x86_64 | 0.2.6 | 27.35 | 97.39 | 124.74 | OK | |
r-patched-solaris-x86 | 0.2.6 | 208.70 | OK | |||
r-release-linux-x86_64 | 0.2.6 | 29.15 | 96.81 | 125.96 | OK | |
r-release-windows-ix86+x86_64 | 0.2.6 | 91.00 | 190.00 | 281.00 | OK | |
r-release-osx-x86_64 | 0.2.6 | ERROR | ||||
r-oldrel-windows-ix86+x86_64 | 0.2.6 | 59.00 | 141.00 | 200.00 | OK | |
r-oldrel-osx-x86_64 | 0.2.6 | OK |
Version: 0.2.6
Check: package dependencies
Result: ERROR
Package required but not available: ‘snpStats’
See section ‘The DESCRIPTION file’ in the ‘Writing R Extensions’
manual.
Flavor: r-release-osx-x86_64