Last updated on 2018-02-25 00:48:43 CET.
Flavor | Version | Tinstall | Tcheck | Ttotal | Status | Flags |
---|---|---|---|---|---|---|
r-devel-linux-x86_64-debian-clang | 1.5.9 | 24.13 | 170.21 | 194.34 | WARN | |
r-devel-linux-x86_64-debian-gcc | 1.5.9 | 18.13 | 130.06 | 148.19 | OK | |
r-devel-linux-x86_64-fedora-clang | 1.5.9 | 238.75 | WARN | |||
r-devel-linux-x86_64-fedora-gcc | 1.5.9 | 234.01 | OK | |||
r-devel-windows-ix86+x86_64 | 1.5.9 | 73.00 | 260.00 | 333.00 | OK | |
r-patched-linux-x86_64 | 1.5.9 | 18.35 | 183.46 | 201.81 | OK | |
r-patched-solaris-x86 | 1.5.9 | 303.30 | OK | |||
r-release-linux-x86_64 | 1.5.9 | 18.17 | 186.62 | 204.79 | OK | |
r-release-windows-ix86+x86_64 | 1.5.9 | 62.00 | 297.00 | 359.00 | OK | |
r-release-osx-x86_64 | 1.5.9 | OK | ||||
r-oldrel-windows-ix86+x86_64 | 1.5.9 | 42.00 | 220.00 | 262.00 | OK | |
r-oldrel-osx-x86_64 | 1.5.9 | OK |
Version: 1.5.9
Check: whether package can be installed
Result: WARN
Found the following significant warnings:
SNPHWEX.cpp:50:31: warning: 'long long' is a C++11 extension [-Wc++11-long-long]
SNPHWEX.cpp:51:65: warning: 'long long' is a C++11 extension [-Wc++11-long-long]
Flavors: r-devel-linux-x86_64-debian-clang, r-devel-linux-x86_64-fedora-clang