CRAN Package Check Results for Package InformativeCensoring

Last updated on 2018-02-25 00:48:45 CET.

Flavor Version Tinstall Tcheck Ttotal Status Flags
r-devel-linux-x86_64-debian-clang 0.3.4 4.89 644.14 649.03 OK
r-devel-linux-x86_64-debian-gcc 0.3.4 5.20 440.91 446.11 OK
r-devel-linux-x86_64-fedora-clang 0.3.4 702.95 OK
r-devel-linux-x86_64-fedora-gcc 0.3.4 678.18 OK
r-devel-windows-ix86+x86_64 0.3.4 15.00 278.00 293.00 OK --no-vignettes
r-patched-linux-x86_64 0.3.4 5.04 685.80 690.84 OK
r-patched-solaris-x86 0.3.4 808.60 OK
r-release-linux-x86_64 0.3.4 3.65 658.80 662.45 OK
r-release-windows-ix86+x86_64 0.3.4 15.00 368.00 383.00 OK --no-vignettes
r-release-osx-x86_64 0.3.4 WARN
r-oldrel-windows-ix86+x86_64 0.3.4 9.00 344.00 353.00 OK --no-vignettes
r-oldrel-osx-x86_64 0.3.4 OK

Check Details

Version: 0.3.4
Check: re-building of vignette outputs
Result: WARN
    Error in re-building vignettes:
     ...
     unable to find LaTeX package 'framed'; will use a copy from knitr
    Loading required package: survival
    
    Attaching package: 'InformativeCensoring'
    
    The following object is masked from 'package:survival':
    
     cox.zph
    
    Error in texi2dvi(file = file, pdf = TRUE, clean = clean, quiet = quiet, :
     Running 'texi2dvi' on 'gamma_imputation_Jackson_2014.tex' failed.
    LaTeX errors:
    ! LaTeX Error: File `authblk.sty' not found.
    
    Type X to quit or <RETURN> to proceed,
    or enter new name. (Default extension: sty)
    
    ! Emergency stop.
    <read *>
    
    l.57 \usepackage
     {amsmath}^^M
    ! ==> Fatal error occurred, no output PDF file produced!
    Calls: buildVignettes -> texi2pdf -> texi2dvi
    Execution halted
Flavor: r-release-osx-x86_64