CRAN Package Check Results for Package MIIVsem

Last updated on 2018-02-25 00:48:48 CET.

Flavor Version Tinstall Tcheck Ttotal Status Flags
r-devel-linux-x86_64-debian-clang 0.5.2 4.43 32.29 36.72 OK
r-devel-linux-x86_64-debian-gcc 0.5.2 2.59 25.31 27.90 OK
r-devel-linux-x86_64-fedora-clang 0.5.2 43.62 NOTE
r-devel-linux-x86_64-fedora-gcc 0.5.2 42.04 NOTE
r-devel-windows-ix86+x86_64 0.5.2 8.00 57.00 65.00 OK
r-patched-linux-x86_64 0.5.2 3.59 34.64 38.23 OK
r-patched-solaris-x86 0.5.2 58.00 NOTE
r-release-linux-x86_64 0.5.2 3.63 34.80 38.43 OK
r-release-windows-ix86+x86_64 0.5.2 9.00 56.00 65.00 OK
r-release-osx-x86_64 0.5.2 NOTE
r-oldrel-windows-ix86+x86_64 0.5.2 6.00 41.00 47.00 OK
r-oldrel-osx-x86_64 0.5.2 NOTE

Check Details

Version: 0.5.2
Check: dependencies in R code
Result: NOTE
    Namespace in Imports field not imported from: ‘methods’
     All declared Imports should be used.
Flavors: r-devel-linux-x86_64-fedora-clang, r-devel-linux-x86_64-fedora-gcc, r-patched-solaris-x86, r-release-osx-x86_64, r-oldrel-osx-x86_64