Last updated on 2018-02-25 00:48:49 CET.
Flavor | Version | Tinstall | Tcheck | Ttotal | Status | Flags |
---|---|---|---|---|---|---|
r-devel-linux-x86_64-debian-clang | 1.0 | 5.08 | 64.58 | 69.66 | NOTE | |
r-devel-linux-x86_64-debian-gcc | 1.0 | 4.20 | 50.91 | 55.11 | NOTE | |
r-devel-linux-x86_64-fedora-clang | 1.0 | 85.67 | NOTE | |||
r-devel-linux-x86_64-fedora-gcc | 1.0 | 91.76 | NOTE | |||
r-devel-windows-ix86+x86_64 | 1.0 | 10.00 | 100.00 | 110.00 | NOTE | |
r-patched-linux-x86_64 | 1.0 | 2.70 | 65.36 | 68.06 | NOTE | |
r-patched-solaris-x86 | 1.0 | 130.90 | NOTE | |||
r-release-linux-x86_64 | 1.0 | 4.40 | 65.18 | 69.58 | NOTE | |
r-release-windows-ix86+x86_64 | 1.0 | 12.00 | 105.00 | 117.00 | NOTE | |
r-release-osx-x86_64 | 1.0 | NOTE | ||||
r-oldrel-windows-ix86+x86_64 | 1.0 | 7.00 | 101.00 | 108.00 | NOTE | |
r-oldrel-osx-x86_64 | 1.0 | NOTE |
Version: 1.0
Check: DESCRIPTION meta-information
Result: NOTE
Malformed Title field: should not end in a period.
Flavors: r-devel-linux-x86_64-debian-clang, r-devel-linux-x86_64-debian-gcc, r-devel-linux-x86_64-fedora-clang, r-devel-linux-x86_64-fedora-gcc, r-devel-windows-ix86+x86_64, r-patched-linux-x86_64, r-patched-solaris-x86, r-release-linux-x86_64, r-release-windows-ix86+x86_64, r-release-osx-x86_64, r-oldrel-windows-ix86+x86_64, r-oldrel-osx-x86_64
Version: 1.0
Check: R code for possible problems
Result: NOTE
GetExampleData: no visible binding for global variable ‘MPINetData’
Getenvir: no visible binding for global variable ‘MPINetData’
getPSS: no visible global function definition for ‘lines’
performpcls: no visible global function definition for ‘binomial’
Undefined global functions or variables:
MPINetData binomial lines
Consider adding
importFrom("graphics", "lines")
importFrom("stats", "binomial")
to your NAMESPACE file.
Flavors: r-devel-linux-x86_64-debian-clang, r-devel-linux-x86_64-debian-gcc, r-devel-linux-x86_64-fedora-clang, r-devel-linux-x86_64-fedora-gcc, r-devel-windows-ix86+x86_64, r-patched-linux-x86_64, r-patched-solaris-x86, r-release-linux-x86_64, r-release-windows-ix86+x86_64, r-release-osx-x86_64, r-oldrel-windows-ix86+x86_64, r-oldrel-osx-x86_64