Last updated on 2018-02-25 00:48:49 CET.
Flavor | Version | Tinstall | Tcheck | Ttotal | Status | Flags |
---|---|---|---|---|---|---|
r-devel-linux-x86_64-debian-clang | 0.7-1 | 25.36 | 67.59 | 92.95 | OK | |
r-devel-linux-x86_64-debian-gcc | 0.7-1 | 21.26 | 52.25 | 73.51 | OK | |
r-devel-linux-x86_64-fedora-clang | 0.7-1 | 122.81 | NOTE | |||
r-devel-linux-x86_64-fedora-gcc | 0.7-1 | 121.59 | NOTE | |||
r-devel-windows-ix86+x86_64 | 0.7-1 | 46.00 | 103.00 | 149.00 | OK | |
r-patched-linux-x86_64 | 0.7-1 | 4.14 | 68.85 | 72.99 | OK | |
r-patched-solaris-x86 | 0.7-1 | 103.70 | OK | |||
r-release-linux-x86_64 | 0.7-1 | 4.76 | 68.64 | 73.40 | OK | |
r-release-windows-ix86+x86_64 | 0.7-1 | 8.00 | 107.00 | 115.00 | OK | |
r-release-osx-x86_64 | 0.7-1 | NOTE | ||||
r-oldrel-windows-ix86+x86_64 | 0.7-1 | 9.00 | 77.00 | 86.00 | OK | |
r-oldrel-osx-x86_64 | 0.7 | OK |
Version: 0.7-1
Check: package dependencies
Result: NOTE
Package suggested but not available for checking: ‘rhdf5’
Flavors: r-devel-linux-x86_64-fedora-clang, r-devel-linux-x86_64-fedora-gcc, r-release-osx-x86_64