Last updated on 2018-02-25 00:48:51 CET.
Flavor | Version | Tinstall | Tcheck | Ttotal | Status | Flags |
---|---|---|---|---|---|---|
r-devel-linux-x86_64-debian-clang | 0.3 | 10.72 | 91.26 | 101.98 | OK | |
r-devel-linux-x86_64-debian-gcc | 0.3 | 9.70 | 72.27 | 81.97 | OK | |
r-devel-linux-x86_64-fedora-clang | 0.3 | 126.03 | NOTE | |||
r-devel-linux-x86_64-fedora-gcc | 0.3 | 125.49 | NOTE | |||
r-devel-windows-ix86+x86_64 | 0.3 | 23.00 | 142.00 | 165.00 | OK | |
r-patched-linux-x86_64 | 0.3 | 6.91 | 94.73 | 101.64 | OK | |
r-patched-solaris-x86 | 0.3 | 178.50 | NOTE | |||
r-release-linux-x86_64 | 0.3 | 6.67 | 95.40 | 102.07 | OK | |
r-release-windows-ix86+x86_64 | 0.3 | 21.00 | 140.00 | 161.00 | OK | |
r-release-osx-x86_64 | 0.3 | NOTE | ||||
r-oldrel-windows-ix86+x86_64 | 0.3 | 12.00 | 98.00 | 110.00 | OK | |
r-oldrel-osx-x86_64 | 0.3 | NOTE |
Version: 0.3
Check: dependencies in R code
Result: NOTE
Namespace in Imports field not imported from: ‘abind’
All declared Imports should be used.
Flavors: r-devel-linux-x86_64-fedora-clang, r-devel-linux-x86_64-fedora-gcc, r-patched-solaris-x86, r-release-osx-x86_64, r-oldrel-osx-x86_64