CRAN Package Check Results for Package PDN

Last updated on 2018-02-25 00:48:53 CET.

Flavor Version Tinstall Tcheck Ttotal Status Flags
r-devel-linux-x86_64-debian-clang 0.1.0 4.00 98.47 102.47 OK
r-devel-linux-x86_64-debian-gcc 0.1.0 3.02 76.58 79.60 OK
r-devel-linux-x86_64-fedora-clang 0.1.0 124.99 NOTE
r-devel-linux-x86_64-fedora-gcc 0.1.0 127.01 NOTE
r-devel-windows-ix86+x86_64 0.1.0 11.00 151.00 162.00 OK
r-patched-linux-x86_64 0.1.0 4.17 105.19 109.36 OK
r-patched-solaris-x86 0.1.0 175.70 NOTE
r-release-linux-x86_64 0.1.0 3.92 103.52 107.44 OK
r-release-windows-ix86+x86_64 0.1.0 12.00 148.00 160.00 OK
r-release-osx-x86_64 0.1.0 NOTE
r-oldrel-windows-ix86+x86_64 0.1.0 8.00 106.00 114.00 OK
r-oldrel-osx-x86_64 0.1.0 NOTE

Check Details

Version: 0.1.0
Check: dependencies in R code
Result: NOTE
    Namespace in Imports field not imported from: ‘glmnet’
     All declared Imports should be used.
Flavors: r-devel-linux-x86_64-fedora-clang, r-devel-linux-x86_64-fedora-gcc, r-patched-solaris-x86, r-release-osx-x86_64, r-oldrel-osx-x86_64