CRAN Package Check Results for Package PKNCA

Last updated on 2018-02-25 00:48:53 CET.

Flavor Version Tinstall Tcheck Ttotal Status Flags
r-devel-linux-x86_64-debian-clang 0.8.4 7.45 116.48 123.93 OK
r-devel-linux-x86_64-debian-gcc 0.8.4 7.85 88.98 96.83 OK
r-devel-linux-x86_64-fedora-clang 0.8.4 148.89 OK
r-devel-linux-x86_64-fedora-gcc 0.8.4 151.38 OK
r-devel-windows-ix86+x86_64 0.8.4 19.00 171.00 190.00 OK
r-patched-linux-x86_64 0.8.4 3.08 134.06 137.14 OK
r-patched-solaris-x86 0.8.4 186.30 OK
r-release-linux-x86_64 0.8.4 3.24 133.03 136.27 OK
r-release-windows-ix86+x86_64 0.8.4 15.00 185.00 200.00 ERROR
r-release-osx-x86_64 0.8.4 OK
r-oldrel-windows-ix86+x86_64 0.8.4 9.00 126.00 135.00 OK
r-oldrel-osx-x86_64 0.8.4 OK

Check Details

Version: 0.8.4
Check: tests
Result: ERROR
     Running 'testthat.R' [44s]
    Running the tests in 'tests/testthat.R' failed.
    Last 13 lines of output:
     Component "loadedOnly": Component 4: Component 1: 1 string mismatch
     Component "loadedOnly": Component 4: Component 2: 1 string mismatch
     Component "loadedOnly": Component 4: Component 3: 1 string mismatch
     Component "loadedOnly": Component 4: Component 4: 1 string mismatch
     ...
     Correct session information is set in provenance
    
     Provenance hash a generated on b with c.
     == testthat results ===========================================================
     OK: 1191 SKIPPED: 2 FAILED: 2
     1. Failure: provenance (@test-provenance.R#7)
     2. Failure: provenance (@test-provenance.R#11)
    
     Error: testthat unit tests failed
     Execution halted
Flavor: r-release-windows-ix86+x86_64