CRAN Package Check Results for Package PanelCount

Last updated on 2018-02-25 00:48:52 CET.

Flavor Version Tinstall Tcheck Ttotal Status Flags
r-devel-linux-x86_64-debian-clang 1.0.9 25.32 28.50 53.82 NOTE
r-devel-linux-x86_64-debian-gcc 1.0.9 17.62 22.18 39.80 NOTE
r-devel-linux-x86_64-fedora-clang 1.0.9 65.61 NOTE
r-devel-linux-x86_64-fedora-gcc 1.0.9 65.22 NOTE
r-devel-windows-ix86+x86_64 1.0.9 63.00 71.00 134.00 OK
r-patched-linux-x86_64 1.0.9 19.33 28.19 47.52 NOTE
r-patched-solaris-x86 1.0.9 66.50 OK
r-release-linux-x86_64 1.0.9 17.84 28.28 46.12 NOTE
r-release-windows-ix86+x86_64 1.0.9 46.00 69.00 115.00 OK
r-release-osx-x86_64 1.0.9 OK
r-oldrel-windows-ix86+x86_64 1.0.9 42.00 50.00 92.00 OK
r-oldrel-osx-x86_64 1.0.9 OK

Check Details

Version: 1.0.9
Check: compiled code
Result: NOTE
    File ‘PanelCount/libs/PanelCount.so’:
     Found no calls to: ‘R_registerRoutines’, ‘R_useDynamicSymbols’
    
    It is good practice to register native routines and to disable symbol
    search.
    
    See ‘Writing portable packages’ in the ‘Writing R Extensions’ manual.
Flavors: r-devel-linux-x86_64-debian-clang, r-devel-linux-x86_64-debian-gcc, r-devel-linux-x86_64-fedora-clang, r-devel-linux-x86_64-fedora-gcc, r-patched-linux-x86_64, r-release-linux-x86_64