Last updated on 2018-02-25 00:48:55 CET.
Flavor | Version | Tinstall | Tcheck | Ttotal | Status | Flags |
---|---|---|---|---|---|---|
r-devel-linux-x86_64-debian-clang | 0.4-13 | 21.64 | 99.40 | 121.04 | NOTE | |
r-devel-linux-x86_64-debian-gcc | 0.4-13 | 16.85 | 76.59 | 93.44 | NOTE | |
r-devel-linux-x86_64-fedora-clang | 0.4-13 | 149.69 | NOTE | |||
r-devel-linux-x86_64-fedora-gcc | 0.4-13 | 143.39 | NOTE | |||
r-devel-windows-ix86+x86_64 | 0.4-13 | 36.00 | 202.00 | 238.00 | OK | |
r-patched-linux-x86_64 | 0.4-13 | 14.46 | 105.82 | 120.28 | NOTE | |
r-patched-solaris-x86 | 0.4-13 | 196.20 | OK | |||
r-release-linux-x86_64 | 0.4-13 | 15.90 | 104.87 | 120.77 | NOTE | |
r-release-windows-ix86+x86_64 | 0.4-13 | 46.00 | 209.00 | 255.00 | OK | |
r-release-osx-x86_64 | 0.4-13 | OK | ||||
r-oldrel-windows-ix86+x86_64 | 0.4-13 | 34.00 | 159.00 | 193.00 | OK | |
r-oldrel-osx-x86_64 | 0.4-13 | OK |
Version: 0.4-13
Check: compiled code
Result: NOTE
File ‘QRM/libs/QRM.so’:
Found no calls to: ‘R_registerRoutines’, ‘R_useDynamicSymbols’
It is good practice to register native routines and to disable symbol
search.
See ‘Writing portable packages’ in the ‘Writing R Extensions’ manual.
Flavors: r-devel-linux-x86_64-debian-clang, r-devel-linux-x86_64-debian-gcc, r-devel-linux-x86_64-fedora-clang, r-devel-linux-x86_64-fedora-gcc, r-patched-linux-x86_64, r-release-linux-x86_64