Last updated on 2018-02-25 00:48:55 CET.
Flavor | Version | Tinstall | Tcheck | Ttotal | Status | Flags |
---|---|---|---|---|---|---|
r-devel-linux-x86_64-debian-clang | 1.1-2 | 10.87 | 154.76 | 165.63 | OK | |
r-devel-linux-x86_64-debian-gcc | 1.1-2 | 12.43 | 122.60 | 135.03 | OK | |
r-devel-windows-ix86+x86_64 | 1.1-2 | 33.00 | 198.00 | 231.00 | OK | |
r-patched-linux-x86_64 | 1.1-2 | 13.21 | 154.95 | 168.16 | OK | |
r-patched-solaris-x86 | 1.1-2 | 292.10 | OK | |||
r-release-linux-x86_64 | 1.1-2 | 10.18 | 152.39 | 162.57 | OK | |
r-release-windows-ix86+x86_64 | 1.1-2 | 38.00 | 218.00 | 256.00 | OK | |
r-release-osx-x86_64 | 1.1-2 | ERROR | ||||
r-oldrel-windows-ix86+x86_64 | 1.1-2 | 22.00 | 164.00 | 186.00 | OK | |
r-oldrel-osx-x86_64 | 1.1-2 | OK |
Version: 1.1-2
Check: package dependencies
Result: ERROR
Package required but not available: ‘Biostrings’
See section ‘The DESCRIPTION file’ in the ‘Writing R Extensions’
manual.
Flavor: r-release-osx-x86_64