Last updated on 2018-02-25 00:48:57 CET.
Flavor | Version | Tinstall | Tcheck | Ttotal | Status | Flags |
---|---|---|---|---|---|---|
r-devel-linux-x86_64-debian-clang | 1.95-4.10 | 14.29 | 35.24 | 49.53 | NOTE | |
r-devel-linux-x86_64-debian-gcc | 1.95-4.10 | 13.62 | 27.60 | 41.22 | NOTE | |
r-devel-linux-x86_64-fedora-clang | 1.95-4.10 | 60.46 | NOTE | |||
r-devel-linux-x86_64-fedora-gcc | 1.95-4.10 | 60.42 | NOTE | |||
r-devel-windows-ix86+x86_64 | 1.95-4.10 | 49.00 | 127.00 | 176.00 | NOTE | |
r-patched-linux-x86_64 | 1.95-4.10 | 11.49 | 36.33 | 47.82 | NOTE | |
r-patched-solaris-x86 | 1.95-4.10 | 76.00 | NOTE | --no-examples | ||
r-release-linux-x86_64 | 1.95-4.10 | 11.29 | 36.39 | 47.68 | NOTE | |
r-release-windows-ix86+x86_64 | 1.95-4.10 | 36.00 | 109.00 | 145.00 | NOTE | |
r-release-osx-x86_64 | 1.95-4.10 | NOTE | ||||
r-oldrel-windows-ix86+x86_64 | 1.95-4.10 | 41.00 | 107.00 | 148.00 | NOTE | |
r-oldrel-osx-x86_64 | 1.95-4.10 | NOTE |
Version: 1.95-4.10
Check: DESCRIPTION meta-information
Result: NOTE
Deprecated license: BSD
Flavors: r-devel-linux-x86_64-debian-clang, r-devel-linux-x86_64-debian-gcc, r-devel-linux-x86_64-fedora-clang, r-devel-linux-x86_64-fedora-gcc, r-patched-linux-x86_64, r-release-linux-x86_64, r-release-osx-x86_64, r-oldrel-osx-x86_64
Version: 1.95-4.10
Check: top-level files
Result: NOTE
Non-standard files/directories found at top level:
‘Changes.html’ ‘CodeGeneration’ ‘README.windows’ ‘Todo.html’
‘dynGC.R’ ‘encoding.R’ ‘exampleCode’ ‘getURL.html’ ‘libcurlLicense’
‘post.R’ ‘postForm.html’
Flavors: r-devel-linux-x86_64-debian-clang, r-devel-linux-x86_64-debian-gcc, r-devel-linux-x86_64-fedora-clang, r-devel-linux-x86_64-fedora-gcc, r-patched-linux-x86_64, r-release-linux-x86_64
Version: 1.95-4.10
Check: for GNU extensions in Makefiles
Result: NOTE
GNU make is a SystemRequirements.
Flavors: r-devel-linux-x86_64-debian-clang, r-devel-linux-x86_64-debian-gcc, r-devel-linux-x86_64-fedora-clang, r-devel-linux-x86_64-fedora-gcc, r-devel-windows-ix86+x86_64, r-patched-linux-x86_64, r-release-linux-x86_64, r-release-windows-ix86+x86_64, r-release-osx-x86_64, r-oldrel-windows-ix86+x86_64, r-oldrel-osx-x86_64
Version: 1.95-4.10
Check: package dependencies
Result: NOTE
Package suggested but not available for checking: ‘Rcompression’
Flavors: r-devel-linux-x86_64-fedora-clang, r-devel-linux-x86_64-fedora-gcc, r-devel-windows-ix86+x86_64, r-release-windows-ix86+x86_64, r-release-osx-x86_64, r-oldrel-windows-ix86+x86_64, r-oldrel-osx-x86_64
Version: 1.95-4.10
Check: installed package size
Result: NOTE
installed size is 6.3Mb
sub-directories of 1Mb or more:
libs 4.4Mb
Flavors: r-devel-windows-ix86+x86_64, r-release-windows-ix86+x86_64, r-oldrel-windows-ix86+x86_64
Version: 1.95-4.10
Flags: --no-examples
Check: package dependencies
Result: NOTE
Package suggested but not available for checking: ‘Rcompression’
Flavor: r-patched-solaris-x86
Version: 1.95-4.10
Flags: --no-examples
Check: DESCRIPTION meta-information
Result: NOTE
Deprecated license: BSD
Flavor: r-patched-solaris-x86
Version: 1.95-4.10
Flags: --no-examples
Check: for GNU extensions in Makefiles
Result: NOTE
GNU make is a SystemRequirements.
Flavor: r-patched-solaris-x86