CRAN Package Check Results for Package RFreak

Last updated on 2018-02-25 00:48:57 CET.

Flavor Version Tinstall Tcheck Ttotal Status Flags
r-devel-linux-x86_64-debian-clang 0.3-0 3.19 45.98 49.17 NOTE
r-devel-linux-x86_64-debian-gcc 0.3-0 1.94 35.68 37.62 NOTE
r-devel-linux-x86_64-fedora-clang 0.3-0 58.95 NOTE
r-devel-linux-x86_64-fedora-gcc 0.3-0 58.50 NOTE
r-devel-windows-ix86+x86_64 0.3-0 9.00 63.00 72.00 NOTE
r-patched-linux-x86_64 0.3-0 2.57 47.55 50.12 NOTE
r-patched-solaris-x86 0.3-0 66.10 NOTE
r-release-linux-x86_64 0.3-0 2.36 47.98 50.34 NOTE
r-release-windows-ix86+x86_64 0.3-0 8.00 62.00 70.00 NOTE
r-release-osx-x86_64 0.3-0 NOTE
r-oldrel-windows-ix86+x86_64 0.3-0 7.00 54.00 61.00 NOTE
r-oldrel-osx-x86_64 0.3-0 NOTE

Check Details

Version: 0.3-0
Check: R code for possible problems
Result: NOTE
    .testLTS: no visible binding for global variable ‘stackloss’
    Undefined global functions or variables:
     stackloss
    Consider adding
     importFrom("datasets", "stackloss")
    to your NAMESPACE file.
Flavors: r-devel-linux-x86_64-debian-clang, r-devel-linux-x86_64-debian-gcc, r-devel-linux-x86_64-fedora-clang, r-devel-linux-x86_64-fedora-gcc, r-devel-windows-ix86+x86_64, r-patched-linux-x86_64, r-patched-solaris-x86, r-release-linux-x86_64, r-release-windows-ix86+x86_64, r-release-osx-x86_64, r-oldrel-windows-ix86+x86_64, r-oldrel-osx-x86_64

Version: 0.3-0
Check: installed package size
Result: NOTE
     installed size is 5.8Mb
     sub-directories of 1Mb or more:
     java 5.3Mb
Flavors: r-devel-linux-x86_64-fedora-clang, r-devel-linux-x86_64-fedora-gcc, r-devel-windows-ix86+x86_64, r-patched-solaris-x86, r-release-windows-ix86+x86_64, r-release-osx-x86_64, r-oldrel-windows-ix86+x86_64, r-oldrel-osx-x86_64