CRAN Package Check Results for Package RKEELdata

Last updated on 2018-02-25 00:48:58 CET.

Flavor Version Tinstall Tcheck Ttotal Status Flags
r-devel-linux-x86_64-debian-clang 1.0.3 1.05 15.28 16.33 OK
r-devel-linux-x86_64-debian-gcc 1.0.3 1.11 12.23 13.34 OK
r-devel-linux-x86_64-fedora-clang 1.0.3 18.91 NOTE
r-devel-linux-x86_64-fedora-gcc 1.0.3 18.70 NOTE
r-devel-windows-ix86+x86_64 1.0.3 9.00 36.00 45.00 NOTE
r-patched-linux-x86_64 1.0.3 1.17 14.18 15.35 OK
r-patched-solaris-x86 1.0.3 27.50 NOTE
r-release-linux-x86_64 1.0.3 1.51 13.96 15.47 OK
r-release-windows-ix86+x86_64 1.0.3 7.00 23.00 30.00 NOTE
r-release-osx-x86_64 1.0.3 NOTE
r-oldrel-windows-ix86+x86_64 1.0.3 10.00 28.00 38.00 NOTE
r-oldrel-osx-x86_64 1.0.3 NOTE

Check Details

Version: 1.0.3
Check: installed package size
Result: NOTE
     installed size is 8.7Mb
     sub-directories of 1Mb or more:
     datasets 8.6Mb
Flavors: r-devel-linux-x86_64-fedora-clang, r-devel-linux-x86_64-fedora-gcc, r-devel-windows-ix86+x86_64, r-patched-solaris-x86, r-release-windows-ix86+x86_64, r-release-osx-x86_64, r-oldrel-windows-ix86+x86_64, r-oldrel-osx-x86_64