Last updated on 2018-02-25 00:48:59 CET.
Flavor | Version | Tinstall | Tcheck | Ttotal | Status | Flags |
---|---|---|---|---|---|---|
r-devel-linux-x86_64-debian-clang | 1.7.1 | 4.28 | 39.34 | 43.62 | OK | |
r-devel-linux-x86_64-debian-gcc | 1.7.1 | 3.87 | 31.04 | 34.91 | OK | |
r-devel-linux-x86_64-fedora-clang | 1.7.1 | 53.34 | NOTE | |||
r-devel-linux-x86_64-fedora-gcc | 1.7.1 | 51.93 | NOTE | |||
r-devel-windows-ix86+x86_64 | 1.7.1 | 10.00 | 72.00 | 82.00 | NOTE | |
r-patched-linux-x86_64 | 1.7.1 | 2.96 | 43.48 | 46.44 | OK | |
r-patched-solaris-x86 | 1.7.1 | 4.50 | ERROR | |||
r-release-linux-x86_64 | 1.7.1 | 3.18 | 42.76 | 45.94 | OK | |
r-release-windows-ix86+x86_64 | 1.7.1 | 11.00 | 77.00 | 88.00 | NOTE | |
r-release-osx-x86_64 | 1.7.1 | NOTE | ||||
r-oldrel-windows-ix86+x86_64 | 1.7.1 | 7.00 | 53.00 | 60.00 | NOTE | |
r-oldrel-osx-x86_64 | 1.7.1 | NOTE |
Version: 1.7.1
Check: package dependencies
Result: NOTE
Package suggested but not available for checking: ‘Rcompression’
Flavors: r-devel-linux-x86_64-fedora-clang, r-devel-linux-x86_64-fedora-gcc, r-devel-windows-ix86+x86_64, r-release-windows-ix86+x86_64, r-release-osx-x86_64, r-oldrel-windows-ix86+x86_64, r-oldrel-osx-x86_64
Version: 1.7.1
Check: dependencies in R code
Result: NOTE
Namespaces in Imports field not imported from:
‘binman’ ‘httr’
All declared Imports should be used.
Flavors: r-devel-linux-x86_64-fedora-clang, r-devel-linux-x86_64-fedora-gcc, r-release-osx-x86_64, r-oldrel-osx-x86_64
Version: 1.7.1
Check: package dependencies
Result: ERROR
Package required but not available: ‘wdman’
Package suggested but not available for checking: ‘Rcompression’
See section ‘The DESCRIPTION file’ in the ‘Writing R Extensions’
manual.
Flavor: r-patched-solaris-x86