CRAN Package Check Results for Package RSurveillance

Last updated on 2018-02-25 00:48:59 CET.

Flavor Version Tinstall Tcheck Ttotal Status Flags
r-devel-linux-x86_64-debian-clang 0.2.0 2.74 32.33 35.07 OK
r-devel-linux-x86_64-debian-gcc 0.2.0 2.41 25.17 27.58 OK
r-devel-linux-x86_64-fedora-clang 0.2.0 41.62 NOTE
r-devel-linux-x86_64-fedora-gcc 0.2.0 40.44 NOTE
r-devel-windows-ix86+x86_64 0.2.0 4.00 57.00 61.00 OK
r-patched-linux-x86_64 0.2.0 1.47 33.73 35.20 OK
r-patched-solaris-x86 0.2.0 54.70 NOTE
r-release-linux-x86_64 0.2.0 1.38 33.45 34.83 OK
r-release-windows-ix86+x86_64 0.2.0 6.00 57.00 63.00 OK
r-release-osx-x86_64 0.2.0 NOTE
r-oldrel-windows-ix86+x86_64 0.2.0 3.00 54.00 57.00 OK
r-oldrel-osx-x86_64 0.2.0 NOTE

Check Details

Version: 0.2.0
Check: dependencies in R code
Result: NOTE
    Namespace in Imports field not imported from: ‘mc2d’
     All declared Imports should be used.
Flavors: r-devel-linux-x86_64-fedora-clang, r-devel-linux-x86_64-fedora-gcc, r-patched-solaris-x86, r-release-osx-x86_64, r-oldrel-osx-x86_64