Last updated on 2018-02-25 00:48:57 CET.
Flavor | Version | Tinstall | Tcheck | Ttotal | Status | Flags |
---|---|---|---|---|---|---|
r-devel-linux-x86_64-debian-clang | 0.1.7-0 | 3.60 | 34.22 | 37.82 | OK | |
r-devel-linux-x86_64-debian-gcc | 0.1.7-0 | 2.98 | 27.16 | 30.14 | OK | |
r-devel-linux-x86_64-fedora-clang | 0.1.7-0 | 45.04 | OK | |||
r-devel-linux-x86_64-fedora-gcc | 0.1.7-0 | 39.38 | OK | |||
r-devel-windows-ix86+x86_64 | 0.1.7-0 | 7.00 | 67.00 | 74.00 | OK | |
r-patched-linux-x86_64 | 0.1.7-0 | 2.19 | 34.87 | 37.06 | ERROR | |
r-patched-solaris-x86 | 0.1.7-0 | 62.00 | ERROR | |||
r-release-linux-x86_64 | 0.1.7-0 | 1.94 | 34.98 | 36.92 | OK | |
r-release-windows-ix86+x86_64 | 0.1.7-0 | 5.00 | 70.00 | 75.00 | ERROR | |
r-release-osx-x86_64 | 0.1.7-0 | OK | ||||
r-oldrel-windows-ix86+x86_64 | 0.1.7-0 | 4.00 | 48.00 | 52.00 | OK | |
r-oldrel-osx-x86_64 | 0.1.7-0 | OK |
Version: 0.1.7-0
Check: examples
Result: ERROR
Running examples in ‘Rcrawler-Ex.R’ failed
The error most likely occurred in:
> base::assign(".ptime", proc.time(), pos = "CheckExEnv")
> ### Name: LinkExtractor
> ### Title: LinkExtractor
> ### Aliases: LinkExtractor
>
> ### ** Examples
>
>
> pageinfo<-LinkExtractor(url="http://www.glofile.com", ExternalLInks = TRUE)
Error in LinkExtractor(url = "http://www.glofile.com", ExternalLInks = TRUE) :
object 'Extlinks' not found
Execution halted
Flavor: r-patched-linux-x86_64
Version: 0.1.7-0
Check: examples
Result: ERROR
Running examples in ‘Rcrawler-Ex.R’ failed
The error most likely occurred in:
> ### Name: LinkExtractor
> ### Title: LinkExtractor
> ### Aliases: LinkExtractor
>
> ### ** Examples
>
>
> pageinfo<-LinkExtractor(url="http://www.glofile.com", ExternalLInks = TRUE)
Error in LinkExtractor(url = "http://www.glofile.com", ExternalLInks = TRUE) :
object 'Extlinks' not found
Execution halted
Flavors: r-patched-solaris-x86, r-release-windows-ix86+x86_64