Last updated on 2018-02-25 00:48:58 CET.
Flavor | Version | Tinstall | Tcheck | Ttotal | Status | Flags |
---|---|---|---|---|---|---|
r-devel-linux-x86_64-debian-clang | 0.6-6 | 4.88 | 25.65 | 30.53 | WARN | |
r-devel-linux-x86_64-debian-gcc | 0.6-6 | 4.75 | 20.22 | 24.97 | WARN | |
r-devel-linux-x86_64-fedora-clang | 0.6-6 | 38.22 | WARN | |||
r-devel-linux-x86_64-fedora-gcc | 0.6-6 | 37.94 | WARN | |||
r-devel-windows-ix86+x86_64 | 0.6-6 | 45.00 | 61.00 | 106.00 | OK | |
r-patched-linux-x86_64 | 0.6-6 | 3.79 | 24.81 | 28.60 | NOTE | |
r-patched-solaris-x86 | 0.6-6 | 48.00 | OK | |||
r-release-linux-x86_64 | 0.6-6 | 3.49 | 24.87 | 28.36 | NOTE | |
r-release-windows-ix86+x86_64 | 0.6-6 | 31.00 | 44.00 | 75.00 | OK | |
r-release-osx-x86_64 | 0.6-6 | ERROR | ||||
r-oldrel-windows-ix86+x86_64 | 0.6-6 | 29.00 | 38.00 | 67.00 | OK | |
r-oldrel-osx-x86_64 | 0.6-6 | ERROR |
Version: 0.6-6
Check: whether package can be installed
Result: WARN
Found the following significant warnings:
Note: break may be used in wrong context: no loop is visible
Flavors: r-devel-linux-x86_64-debian-clang, r-devel-linux-x86_64-debian-gcc, r-devel-linux-x86_64-fedora-clang, r-devel-linux-x86_64-fedora-gcc
Version: 0.6-6
Check: compiled code
Result: NOTE
File ‘Rmpi/libs/Rmpi.so’:
Found no calls to: ‘R_registerRoutines’, ‘R_useDynamicSymbols’
It is good practice to register native routines and to disable symbol
search.
See ‘Writing portable packages’ in the ‘Writing R Extensions’ manual.
Flavors: r-devel-linux-x86_64-debian-clang, r-devel-linux-x86_64-debian-gcc, r-devel-linux-x86_64-fedora-clang, r-devel-linux-x86_64-fedora-gcc, r-patched-linux-x86_64, r-release-linux-x86_64
Version: 0.6-6
Check: whether package can be installed
Result: ERROR
Installation failed.
Flavors: r-release-osx-x86_64, r-oldrel-osx-x86_64