Last updated on 2018-02-25 00:48:59 CET.
Flavor | Version | Tinstall | Tcheck | Ttotal | Status | Flags |
---|---|---|---|---|---|---|
r-devel-linux-x86_64-debian-clang | 1.1-1 | 8.06 | 26.28 | 34.34 | NOTE | |
r-devel-linux-x86_64-debian-gcc | 1.1-1 | 6.13 | 21.01 | 27.14 | NOTE | |
r-devel-linux-x86_64-fedora-clang | 1.1-1 | 42.09 | NOTE | |||
r-devel-linux-x86_64-fedora-gcc | 1.1-1 | 41.18 | NOTE | |||
r-devel-windows-ix86+x86_64 | 1.1-1 | 18.00 | 55.00 | 73.00 | OK | |
r-patched-linux-x86_64 | 1.1-1 | 3.32 | 26.30 | 29.62 | NOTE | |
r-patched-solaris-x86 | 1.1-1 | 47.90 | OK | |||
r-release-linux-x86_64 | 1.1-1 | 3.92 | 26.38 | 30.30 | NOTE | |
r-release-windows-ix86+x86_64 | 1.1-1 | 9.00 | 42.00 | 51.00 | OK | |
r-release-osx-x86_64 | 1.1-1 | OK | ||||
r-oldrel-windows-ix86+x86_64 | 1.1-1 | 9.00 | 36.00 | 45.00 | OK | |
r-oldrel-osx-x86_64 | 1.1-1 | OK |
Version: 1.1-1
Check: compiled code
Result: NOTE
File ‘Rook/libs/Rook.so’:
Found no call to: ‘R_useDynamicSymbols’
It is good practice to register native routines and to disable symbol
search.
See ‘Writing portable packages’ in the ‘Writing R Extensions’ manual.
Flavors: r-devel-linux-x86_64-debian-clang, r-devel-linux-x86_64-debian-gcc, r-devel-linux-x86_64-fedora-clang, r-devel-linux-x86_64-fedora-gcc, r-patched-linux-x86_64, r-release-linux-x86_64