CRAN Package Check Results for Package SDMPlay

Last updated on 2018-02-25 00:49:00 CET.

Flavor Version Tinstall Tcheck Ttotal Status Flags
r-devel-linux-x86_64-debian-clang 1.2 3.10 85.87 88.97 OK
r-devel-linux-x86_64-debian-gcc 1.2 2.23 64.94 67.17 OK
r-devel-linux-x86_64-fedora-clang 1.2 113.99 NOTE
r-devel-linux-x86_64-fedora-gcc 1.2 97.86 NOTE
r-devel-windows-ix86+x86_64 1.2 8.00 135.00 143.00 OK
r-patched-linux-x86_64 1.2 2.11 86.19 88.30 OK
r-patched-solaris-x86 1.2 156.30 NOTE
r-release-linux-x86_64 1.2 2.90 88.21 91.11 OK
r-release-windows-ix86+x86_64 1.2 8.00 128.00 136.00 OK
r-release-osx-x86_64 1.2 NOTE
r-oldrel-windows-ix86+x86_64 1.2 6.00 100.00 106.00 OK
r-oldrel-osx-x86_64 1.2 NOTE

Check Details

Version: 1.2
Check: dependencies in R code
Result: NOTE
    Namespace in Imports field not imported from: ‘gbm’
     All declared Imports should be used.
Flavors: r-devel-linux-x86_64-fedora-clang, r-devel-linux-x86_64-fedora-gcc, r-patched-solaris-x86, r-release-osx-x86_64, r-oldrel-osx-x86_64

Version: 1.2
Check: installed package size
Result: NOTE
     installed size is 5.2Mb
     sub-directories of 1Mb or more:
     data 1.5Mb
     vignette_data 2.1Mb
Flavor: r-patched-solaris-x86