CRAN Package Check Results for Package SMR

Last updated on 2018-02-25 00:49:02 CET.

Flavor Version Tinstall Tcheck Ttotal Status Flags
r-devel-linux-x86_64-debian-clang 2.0.1 1.14 17.87 19.01 NOTE
r-devel-linux-x86_64-debian-gcc 2.0.1 1.24 14.15 15.39 NOTE
r-devel-linux-x86_64-fedora-clang 2.0.1 23.43 NOTE
r-devel-linux-x86_64-fedora-gcc 2.0.1 22.11 NOTE
r-devel-windows-ix86+x86_64 2.0.1 4.00 36.00 40.00 NOTE
r-patched-linux-x86_64 2.0.1 0.75 17.65 18.40 NOTE
r-patched-solaris-x86 2.0.1 30.90 NOTE
r-release-linux-x86_64 2.0.1 0.57 17.68 18.25 NOTE
r-release-windows-ix86+x86_64 2.0.1 2.00 27.00 29.00 NOTE
r-release-osx-x86_64 2.0.1 NOTE
r-oldrel-windows-ix86+x86_64 2.0.1 2.00 25.00 27.00 NOTE
r-oldrel-osx-x86_64 2.0.1 NOTE

Check Details

Version: 2.0.1
Check: DESCRIPTION meta-information
Result: NOTE
    Malformed Description field: should contain one or more complete sentences.
Flavors: r-devel-linux-x86_64-debian-clang, r-devel-linux-x86_64-debian-gcc, r-devel-linux-x86_64-fedora-clang, r-devel-linux-x86_64-fedora-gcc, r-devel-windows-ix86+x86_64, r-patched-linux-x86_64, r-patched-solaris-x86, r-release-linux-x86_64, r-release-windows-ix86+x86_64, r-release-osx-x86_64, r-oldrel-windows-ix86+x86_64, r-oldrel-osx-x86_64

Version: 2.0.1
Check: R code for possible problems
Result: NOTE
    dNMR: no visible global function definition for ‘pnorm’
    dNMR: no visible global function definition for ‘dnorm’
    pNMR: no visible global function definition for ‘pnorm’
    pNMR: no visible global function definition for ‘dnorm’
    rMR: no visible global function definition for ‘rnorm’
    rMR: no visible global function definition for ‘rchisq’
    Undefined global functions or variables:
     dnorm pnorm rchisq rnorm
    Consider adding
     importFrom("stats", "dnorm", "pnorm", "rchisq", "rnorm")
    to your NAMESPACE file.
Flavors: r-devel-linux-x86_64-debian-clang, r-devel-linux-x86_64-debian-gcc, r-devel-linux-x86_64-fedora-clang, r-devel-linux-x86_64-fedora-gcc, r-devel-windows-ix86+x86_64, r-patched-linux-x86_64, r-patched-solaris-x86, r-release-linux-x86_64, r-release-windows-ix86+x86_64, r-release-osx-x86_64, r-oldrel-windows-ix86+x86_64, r-oldrel-osx-x86_64