Last updated on 2018-02-25 00:49:00 CET.
Flavor | Version | Tinstall | Tcheck | Ttotal | Status | Flags |
---|---|---|---|---|---|---|
r-devel-linux-x86_64-debian-clang | 0.1.0 | 2.73 | 32.25 | 34.98 | OK | |
r-devel-linux-x86_64-debian-gcc | 0.1.0 | 2.08 | 25.70 | 27.78 | OK | |
r-devel-linux-x86_64-fedora-clang | 0.1.0 | 42.12 | NOTE | |||
r-devel-linux-x86_64-fedora-gcc | 0.1.0 | 40.54 | NOTE | |||
r-devel-windows-ix86+x86_64 | 0.1.0 | 7.00 | 61.00 | 68.00 | OK | |
r-patched-linux-x86_64 | 0.1.0 | 2.16 | 31.62 | 33.78 | OK | |
r-patched-solaris-x86 | 0.1.0 | 57.60 | NOTE | |||
r-release-linux-x86_64 | 0.1.0 | 2.74 | 31.67 | 34.41 | OK | |
r-release-windows-ix86+x86_64 | 0.1.0 | 9.00 | 59.00 | 68.00 | OK | |
r-release-osx-x86_64 | 0.1.0 | NOTE | ||||
r-oldrel-windows-ix86+x86_64 | 0.1.0 | 6.00 | 44.00 | 50.00 | OK | |
r-oldrel-osx-x86_64 | 0.1.0 | NOTE |
Version: 0.1.0
Check: dependencies in R code
Result: NOTE
Namespace in Imports field not imported from: ‘tibble’
All declared Imports should be used.
Flavors: r-devel-linux-x86_64-fedora-clang, r-devel-linux-x86_64-fedora-gcc, r-patched-solaris-x86, r-release-osx-x86_64, r-oldrel-osx-x86_64