CRAN Package Check Results for Package SentimentAnalysis

Last updated on 2018-02-25 00:49:01 CET.

Flavor Version Tinstall Tcheck Ttotal Status Flags
r-devel-linux-x86_64-debian-clang 1.3-0 2.54 83.65 86.19 OK
r-devel-linux-x86_64-debian-gcc 1.3-0 2.27 59.19 61.46 OK
r-devel-linux-x86_64-fedora-clang 1.3-0 102.14 NOTE
r-devel-linux-x86_64-fedora-gcc 1.3-0 96.98 NOTE
r-devel-windows-ix86+x86_64 1.3-0 6.00 120.00 126.00 OK
r-patched-linux-x86_64 1.3-0 1.37 96.65 98.02 OK
r-patched-solaris-x86 1.3-0 128.10 NOTE
r-release-linux-x86_64 1.3-0 1.30 96.38 97.68 OK
r-release-windows-ix86+x86_64 1.3-0 5.00 137.00 142.00 OK
r-release-osx-x86_64 1.3-0 NOTE
r-oldrel-windows-ix86+x86_64 1.3-0 4.00 91.00 95.00 OK
r-oldrel-osx-x86_64 1.3-0 NOTE

Check Details

Version: 1.3-0
Check: dependencies in R code
Result: NOTE
    Namespaces in Imports field not imported from:
     ‘SnowballC’ ‘XML’ ‘mgcv’
     All declared Imports should be used.
Flavors: r-devel-linux-x86_64-fedora-clang, r-devel-linux-x86_64-fedora-gcc, r-patched-solaris-x86, r-release-osx-x86_64, r-oldrel-osx-x86_64