Last updated on 2018-02-25 00:49:01 CET.
Flavor | Version | Tinstall | Tcheck | Ttotal | Status | Flags |
---|---|---|---|---|---|---|
r-devel-linux-x86_64-debian-clang | 0.1.0 | 2.02 | 24.33 | 26.35 | NOTE | |
r-devel-linux-x86_64-debian-gcc | 0.1.0 | 1.86 | 19.05 | 20.91 | NOTE | |
r-devel-linux-x86_64-fedora-clang | 0.1.0 | 32.09 | NOTE | |||
r-devel-linux-x86_64-fedora-gcc | 0.1.0 | 30.52 | NOTE | |||
r-devel-windows-ix86+x86_64 | 0.1.0 | 6.00 | 47.00 | 53.00 | OK | |
r-patched-linux-x86_64 | 0.1.0 | 0.91 | 28.32 | 29.23 | OK | |
r-patched-solaris-x86 | 0.1.0 | 43.80 | OK | |||
r-release-linux-x86_64 | 0.1.0 | 0.64 | 27.90 | 28.54 | OK | |
r-release-windows-ix86+x86_64 | 0.1.0 | 3.00 | 55.00 | 58.00 | OK | |
r-release-osx-x86_64 | 0.1.0 | OK | ||||
r-oldrel-windows-ix86+x86_64 | 0.1.0 | 2.00 | 32.00 | 34.00 | OK | |
r-oldrel-osx-x86_64 | 0.1.0 | OK |
Version: 0.1.0
Check: DESCRIPTION meta-information
Result: NOTE
Dependence on R version ‘3.3.1’ not with patchlevel 0
Flavors: r-devel-linux-x86_64-debian-clang, r-devel-linux-x86_64-debian-gcc, r-devel-linux-x86_64-fedora-clang, r-devel-linux-x86_64-fedora-gcc