CRAN Package Check Results for Package SortableHTMLTables

Last updated on 2018-02-25 00:49:02 CET.

Flavor Version Tinstall Tcheck Ttotal Status Flags
r-devel-linux-x86_64-debian-clang 0.1-3 0.92 18.51 19.43 NOTE
r-devel-linux-x86_64-debian-gcc 0.1-3 0.60 14.81 15.41 NOTE
r-devel-linux-x86_64-fedora-clang 0.1-3 23.87 NOTE
r-devel-linux-x86_64-fedora-gcc 0.1-3 22.18 NOTE
r-devel-windows-ix86+x86_64 0.1-3 3.00 43.00 46.00 NOTE
r-patched-linux-x86_64 0.1-3 0.92 17.94 18.86 NOTE
r-patched-solaris-x86 0.1-3 33.30 NOTE
r-release-linux-x86_64 0.1-3 0.85 17.61 18.46 NOTE
r-release-windows-ix86+x86_64 0.1-3 2.00 43.00 45.00 NOTE
r-release-osx-x86_64 0.1-3 NOTE
r-oldrel-windows-ix86+x86_64 0.1-3 2.00 29.00 31.00 NOTE
r-oldrel-osx-x86_64 0.1-3 NOTE

Check Details

Version: 0.1-3
Check: for hidden files and directories
Result: NOTE
    Found the following hidden files and directories:
     .gitignore
    These were most likely included in error. See section ‘Package
    structure’ in the ‘Writing R Extensions’ manual.
Flavors: r-devel-linux-x86_64-debian-clang, r-devel-linux-x86_64-debian-gcc, r-devel-linux-x86_64-fedora-clang, r-devel-linux-x86_64-fedora-gcc, r-devel-windows-ix86+x86_64, r-patched-linux-x86_64, r-patched-solaris-x86, r-release-linux-x86_64, r-release-windows-ix86+x86_64, r-release-osx-x86_64, r-oldrel-windows-ix86+x86_64, r-oldrel-osx-x86_64

Version: 0.1-3
Check: DESCRIPTION meta-information
Result: NOTE
    Malformed Title field: should not end in a period.
    License components which are templates and need '+ file LICENSE':
     MIT
Flavors: r-devel-linux-x86_64-debian-clang, r-devel-linux-x86_64-debian-gcc, r-devel-linux-x86_64-fedora-clang, r-devel-linux-x86_64-fedora-gcc, r-patched-linux-x86_64, r-patched-solaris-x86, r-release-linux-x86_64, r-release-osx-x86_64, r-oldrel-osx-x86_64

Version: 0.1-3
Check: top-level files
Result: NOTE
    Non-standard files/directories found at top level:
     ‘README.markdown’ ‘build_package.sh’ ‘upload.sh’
Flavors: r-devel-linux-x86_64-debian-clang, r-devel-linux-x86_64-debian-gcc, r-devel-linux-x86_64-fedora-clang, r-devel-linux-x86_64-fedora-gcc, r-patched-linux-x86_64, r-release-linux-x86_64

Version: 0.1-3
Check: DESCRIPTION meta-information
Result: NOTE
    Malformed Title field: should not end in a period.
Flavors: r-devel-windows-ix86+x86_64, r-release-windows-ix86+x86_64, r-oldrel-windows-ix86+x86_64