Last updated on 2018-02-25 00:49:04 CET.
Flavor | Version | Tinstall | Tcheck | Ttotal | Status | Flags |
---|---|---|---|---|---|---|
r-devel-linux-x86_64-debian-clang | 2.8-21 | 119.31 | 144.72 | 264.03 | OK | |
r-devel-linux-x86_64-debian-gcc | 2.8-21 | 98.53 | 115.19 | 213.72 | OK | |
r-devel-linux-x86_64-fedora-clang | 2.8-21 | 367.25 | NOTE | |||
r-devel-linux-x86_64-fedora-gcc | 2.8-21 | 340.06 | NOTE | |||
r-devel-windows-ix86+x86_64 | 2.8-21 | 338.00 | 226.00 | 564.00 | OK | |
r-patched-linux-x86_64 | 2.8-21 | 106.42 | 164.92 | 271.34 | OK | |
r-patched-solaris-x86 | 2.8-21 | 320.90 | OK | |||
r-release-linux-x86_64 | 2.8-21 | 102.02 | 164.82 | 266.84 | OK | |
r-release-windows-ix86+x86_64 | 2.8-21 | 309.00 | 257.00 | 566.00 | OK | |
r-release-osx-x86_64 | 2.8-21 | OK | ||||
r-oldrel-windows-ix86+x86_64 | 2.8-21 | 219.00 | 184.00 | 403.00 | OK | |
r-oldrel-osx-x86_64 | 2.8-21 | OK |
Version: 2.8-21
Check: installed package size
Result: NOTE
installed size is 5.7Mb
sub-directories of 1Mb or more:
R 1.2Mb
libs 3.6Mb
Flavors: r-devel-linux-x86_64-fedora-clang, r-devel-linux-x86_64-fedora-gcc