Last updated on 2018-02-25 00:49:06 CET.
Flavor | Version | Tinstall | Tcheck | Ttotal | Status | Flags |
---|---|---|---|---|---|---|
r-devel-linux-x86_64-debian-clang | 1.0 | 1.22 | 20.88 | 22.10 | NOTE | |
r-devel-linux-x86_64-debian-gcc | 1.0 | 0.92 | 16.35 | 17.27 | NOTE | |
r-devel-linux-x86_64-fedora-clang | 1.0 | 26.63 | NOTE | |||
r-devel-linux-x86_64-fedora-gcc | 1.0 | 25.40 | NOTE | |||
r-devel-windows-ix86+x86_64 | 1.0 | 4.00 | 46.00 | 50.00 | NOTE | |
r-patched-linux-x86_64 | 1.0 | 0.76 | 21.30 | 22.06 | NOTE | |
r-patched-solaris-x86 | 1.0 | 35.80 | NOTE | |||
r-release-linux-x86_64 | 1.0 | 0.72 | 21.25 | 21.97 | NOTE | |
r-release-windows-ix86+x86_64 | 1.0 | 2.00 | 31.00 | 33.00 | NOTE | |
r-release-osx-x86_64 | 1.0 | NOTE | ||||
r-oldrel-windows-ix86+x86_64 | 1.0 | 2.00 | 43.00 | 45.00 | NOTE | |
r-oldrel-osx-x86_64 | 1.0 | NOTE |
Version: 1.0
Check: R code for possible problems
Result: NOTE
TT.GS : TT.GS.sp: no visible global function definition for ‘qt’
TT.GS : TT.GS.sp: no visible global function definition for ‘runif’
TT.GS : TT.GS.sp: no visible global function definition for ‘pt’
TT.moment: no visible global function definition for ‘dt’
TT.moment: no visible global function definition for ‘pt’
Undefined global functions or variables:
dt pt qt runif
Consider adding
importFrom("stats", "dt", "pt", "qt", "runif")
to your NAMESPACE file.
Flavors: r-devel-linux-x86_64-debian-clang, r-devel-linux-x86_64-debian-gcc, r-devel-linux-x86_64-fedora-clang, r-devel-linux-x86_64-fedora-gcc, r-devel-windows-ix86+x86_64, r-patched-linux-x86_64, r-patched-solaris-x86, r-release-linux-x86_64, r-release-windows-ix86+x86_64, r-release-osx-x86_64, r-oldrel-windows-ix86+x86_64, r-oldrel-osx-x86_64