Last updated on 2018-02-25 00:49:06 CET.
Flavor | Version | Tinstall | Tcheck | Ttotal | Status | Flags |
---|---|---|---|---|---|---|
r-devel-linux-x86_64-debian-clang | 0.1.2 | 79.18 | 38.43 | 117.61 | OK | |
r-devel-linux-x86_64-debian-gcc | 0.1.2 | 62.90 | 30.50 | 93.40 | OK | |
r-devel-linux-x86_64-fedora-clang | 0.1.2 | 164.53 | OK | |||
r-devel-linux-x86_64-fedora-gcc | 0.1.2 | 153.92 | NOTE | |||
r-devel-windows-ix86+x86_64 | 0.1.2 | 233.00 | 119.00 | 352.00 | OK | |
r-patched-linux-x86_64 | 0.1.2 | 77.49 | 39.01 | 116.50 | OK | |
r-patched-solaris-x86 | 0.1.2 | 164.00 | OK | |||
r-release-linux-x86_64 | 0.1.2 | 79.91 | 38.59 | 118.50 | OK | |
r-release-windows-ix86+x86_64 | 0.1.2 | 254.00 | 128.00 | 382.00 | OK | |
r-release-osx-x86_64 | 0.1.2 | ERROR | ||||
r-oldrel-windows-ix86+x86_64 | 0.1.2 | 188.00 | 93.00 | 281.00 | OK |
Version: 0.1.2
Check: installed package size
Result: NOTE
installed size is 5.5Mb
sub-directories of 1Mb or more:
libs 5.4Mb
Flavor: r-devel-linux-x86_64-fedora-gcc
Version: 0.1.2
Check: package dependencies
Result: ERROR
Package required but not available: ‘Rglpk’
See section ‘The DESCRIPTION file’ in the ‘Writing R Extensions’
manual.
Flavor: r-release-osx-x86_64