Last updated on 2018-02-25 00:49:06 CET.
Flavor | Version | Tinstall | Tcheck | Ttotal | Status | Flags |
---|---|---|---|---|---|---|
r-devel-linux-x86_64-debian-clang | 0.3.2 | 16.09 | 36.38 | 52.47 | OK | |
r-devel-linux-x86_64-debian-gcc | 0.3.2 | 12.85 | 30.14 | 42.99 | WARN | |
r-devel-linux-x86_64-fedora-clang | 0.3.2 | 63.40 | OK | |||
r-devel-linux-x86_64-fedora-gcc | 0.3.2 | 61.15 | WARN | |||
r-patched-linux-x86_64 | 0.3.2 | 14.34 | 38.85 | 53.19 | OK | |
r-release-linux-x86_64 | 0.3.2 | 13.36 | 38.01 | 51.37 | OK | |
r-release-osx-x86_64 | 0.3.2 | ERROR | ||||
r-oldrel-osx-x86_64 | 0.3.2 | NOTE |
Version: 0.3.2
Check: whether package can be installed
Result: WARN
Found the following significant warnings:
EM.c:386:25: warning: ‘sprintf’ writing a terminating nul past the end of the destination [-Wformat-overflow=]
EM.c:391:25: warning: ‘sprintf’ writing a terminating nul past the end of the destination [-Wformat-overflow=]
Flavors: r-devel-linux-x86_64-debian-gcc, r-devel-linux-x86_64-fedora-gcc
Version: 0.3.2
Check: whether package can be installed
Result: ERROR
Installation failed.
Flavor: r-release-osx-x86_64
Version: 0.3.2
Check: installed package size
Result: NOTE
installed size is 5.4Mb
sub-directories of 1Mb or more:
data 1.5Mb
libs 2.9Mb
Flavor: r-oldrel-osx-x86_64