Last updated on 2018-02-25 00:49:07 CET.
Flavor | Version | Tinstall | Tcheck | Ttotal | Status | Flags |
---|---|---|---|---|---|---|
r-devel-linux-x86_64-debian-clang | 1.62 | 46.02 | 292.87 | 338.89 | OK | |
r-devel-linux-x86_64-debian-gcc | 1.62 | 38.87 | 224.09 | 262.96 | OK | |
r-devel-windows-ix86+x86_64 | 1.62 | 107.00 | 466.00 | 573.00 | OK | |
r-patched-linux-x86_64 | 1.62 | 26.51 | 295.79 | 322.30 | OK | |
r-patched-solaris-x86 | 1.62 | 470.50 | OK | |||
r-release-linux-x86_64 | 1.62 | 25.11 | 289.79 | 314.90 | OK | |
r-release-windows-ix86+x86_64 | 1.62 | 80.00 | 501.00 | 581.00 | OK | |
r-release-osx-x86_64 | 1.62 | ERROR | ||||
r-oldrel-windows-ix86+x86_64 | 1.62 | 59.00 | 372.00 | 431.00 | OK | |
r-oldrel-osx-x86_64 | 1.61 | NOTE |
Version: 1.62
Check: package dependencies
Result: ERROR
Packages required but not available: ‘impute’ ‘GO.db’
Packages suggested but not available for checking:
‘org.Hs.eg.db’ ‘org.Mm.eg.db’ ‘minet’
See section ‘The DESCRIPTION file’ in the ‘Writing R Extensions’
manual.
Flavor: r-release-osx-x86_64
Version: 1.61
Check: package dependencies
Result: NOTE
Package suggested but not available for checking: ‘org.Mm.eg.db’
Flavor: r-oldrel-osx-x86_64