Last updated on 2018-02-25 00:49:07 CET.
Flavor | Version | Tinstall | Tcheck | Ttotal | Status | Flags |
---|---|---|---|---|---|---|
r-devel-linux-x86_64-debian-clang | 2.3.0 | 5.00 | 77.96 | 82.96 | WARN | |
r-devel-linux-x86_64-debian-gcc | 2.3.0 | 4.39 | 61.79 | 66.18 | WARN | |
r-devel-linux-x86_64-fedora-clang | 2.3.0 | 176.28 | OK | |||
r-devel-linux-x86_64-fedora-gcc | 2.3.0 | 171.92 | OK | |||
r-devel-windows-ix86+x86_64 | 2.3.0 | 13.00 | 181.00 | 194.00 | OK | |
r-patched-linux-x86_64 | 2.3.0 | 4.95 | 81.19 | 86.14 | WARN | |
r-patched-solaris-x86 | 2.3.0 | 300.20 | OK | |||
r-release-linux-x86_64 | 2.3.0 | 4.64 | 79.46 | 84.10 | WARN | |
r-release-windows-ix86+x86_64 | 2.3.0 | 13.00 | 187.00 | 200.00 | OK | |
r-release-osx-x86_64 | 2.3.0 | OK | ||||
r-oldrel-windows-ix86+x86_64 | 2.3.0 | 9.00 | 157.00 | 166.00 | OK | |
r-oldrel-osx-x86_64 | 2.2.2 | OK |
Version: 2.3.0
Check: re-building of vignette outputs
Result: WARN
Error in re-building vignettes:
...
Quitting from lines 34-37 (Running_WhiteStripe.Rmd)
Error: processing vignette ‘Running_WhiteStripe.Rmd’ failed with diagnostics:
File(s) not found!
Execution halted
Flavors: r-devel-linux-x86_64-debian-clang, r-devel-linux-x86_64-debian-gcc, r-patched-linux-x86_64, r-release-linux-x86_64