CRAN Package Check Results for Package Xmisc

Last updated on 2018-02-25 00:49:07 CET.

Flavor Version Tinstall Tcheck Ttotal Status Flags
r-devel-linux-x86_64-debian-clang 0.2.1 4.69 35.74 40.43 NOTE
r-devel-linux-x86_64-debian-gcc 0.2.1 3.64 28.37 32.01 NOTE
r-devel-linux-x86_64-fedora-clang 0.2.1 50.31 NOTE
r-devel-linux-x86_64-fedora-gcc 0.2.1 48.00 NOTE
r-devel-windows-ix86+x86_64 0.2.1 13.00 62.00 75.00 NOTE
r-patched-linux-x86_64 0.2.1 2.06 35.98 38.04 NOTE
r-patched-solaris-x86 0.2.1 59.40 NOTE
r-release-linux-x86_64 0.2.1 1.77 35.51 37.28 NOTE
r-release-windows-ix86+x86_64 0.2.1 4.00 65.00 69.00 NOTE
r-release-osx-x86_64 0.2.1 NOTE
r-oldrel-windows-ix86+x86_64 0.2.1 4.00 47.00 51.00 NOTE
r-oldrel-osx-x86_64 0.2.1 NOTE

Check Details

Version: 0.2.1
Check: R code for possible problems
Result: NOTE
    R5.value.default: no visible binding for global variable ‘data.table’
    R5.value.default: no visible global function definition for
     ‘as.data.table’
    R5.value.parse: no visible binding for global variable ‘data.table’
    R5.value.parse: no visible global function definition for
     ‘is.data.table’
    R5.value.parse: no visible global function definition for
     ‘as.data.table’
    stampme: no visible global function definition for ‘flush.console’
    stampmsg: no visible global function definition for ‘flush.console’
    write.data.table: no visible global function definition for
     ‘write.table’
    Undefined global functions or variables:
     as.data.table data.table flush.console is.data.table write.table
    Consider adding
     importFrom("utils", "flush.console", "write.table")
    to your NAMESPACE file.
Flavors: r-devel-linux-x86_64-debian-clang, r-devel-linux-x86_64-debian-gcc, r-devel-linux-x86_64-fedora-clang, r-devel-linux-x86_64-fedora-gcc, r-devel-windows-ix86+x86_64, r-patched-linux-x86_64, r-patched-solaris-x86, r-release-linux-x86_64, r-release-windows-ix86+x86_64, r-release-osx-x86_64, r-oldrel-windows-ix86+x86_64, r-oldrel-osx-x86_64

Version: 0.2.1
Check: re-building of vignette outputs
Result: NOTE
    Error in re-building vignettes:
     ...
    Loading required package: Xmisc
    
    Attaching package: ‘Xmisc’
    
    The following object is masked from ‘package:base’:
    
     dir.exists
    
    Error in texi2dvi(file = file, pdf = TRUE, clean = clean, quiet = quiet, :
     Running 'texi2dvi' on 'Xmisc-ArgumentParser.tex' failed.
    LaTeX errors:
    ! LaTeX Error: File `appendix.sty' not found.
    
    Type X to quit or <RETURN> to proceed,
    or enter new name. (Default extension: sty)
    
    ! Emergency stop.
    <read *>
    
    l.10 ^^M
    
    ! ==> Fatal error occurred, no output PDF file produced!
    Calls: buildVignettes -> texi2pdf -> texi2dvi
    Execution halted
Flavor: r-release-osx-x86_64