Last updated on 2018-02-25 00:48:31 CET.
Flavor | Version | Tinstall | Tcheck | Ttotal | Status | Flags |
---|---|---|---|---|---|---|
r-devel-linux-x86_64-debian-clang | 0.1.0 | 1.94 | 27.62 | 29.56 | OK | |
r-devel-linux-x86_64-debian-gcc | 0.1.0 | 1.36 | 21.94 | 23.30 | OK | |
r-devel-linux-x86_64-fedora-clang | 0.1.0 | 35.27 | NOTE | |||
r-devel-linux-x86_64-fedora-gcc | 0.1.0 | 32.14 | NOTE | |||
r-devel-windows-ix86+x86_64 | 0.1.0 | 6.00 | 67.00 | 73.00 | OK | |
r-patched-linux-x86_64 | 0.1.0 | 1.90 | 28.59 | 30.49 | OK | |
r-patched-solaris-x86 | 0.1.0 | 53.80 | NOTE | |||
r-release-linux-x86_64 | 0.1.0 | 1.40 | 28.83 | 30.23 | OK | |
r-release-windows-ix86+x86_64 | 0.1.0 | 6.00 | 62.00 | 68.00 | OK | |
r-release-osx-x86_64 | 0.1.0 | NOTE | ||||
r-oldrel-osx-x86_64 | 0.1.0 | ERROR |
Version: 0.1.0
Check: dependencies in R code
Result: NOTE
Namespace in Imports field not imported from: ‘devtools’
All declared Imports should be used.
Flavors: r-devel-linux-x86_64-fedora-clang, r-devel-linux-x86_64-fedora-gcc, r-patched-solaris-x86, r-release-osx-x86_64
Version: 0.1.0
Check: package dependencies
Result: NOTE
Package suggested but not available for checking: ‘timetk’
Flavor: r-oldrel-osx-x86_64
Version: 0.1.0
Check: whether package can be installed
Result: ERROR
Installation failed.
Flavor: r-oldrel-osx-x86_64