Last updated on 2018-02-25 00:48:31 CET.
Flavor | Version | Tinstall | Tcheck | Ttotal | Status | Flags |
---|---|---|---|---|---|---|
r-devel-linux-x86_64-debian-clang | 1.1.3 | 13.74 | 126.43 | 140.17 | WARN | |
r-devel-linux-x86_64-debian-gcc | 1.1.3 | 13.04 | 97.57 | 110.61 | WARN | |
r-devel-linux-x86_64-fedora-clang | 1.1.3 | 168.37 | WARN | |||
r-devel-linux-x86_64-fedora-gcc | 1.1.3 | 163.53 | WARN | |||
r-devel-windows-ix86+x86_64 | 1.1.3 | 31.00 | 163.00 | 194.00 | WARN | |
r-patched-linux-x86_64 | 1.1.3 | 9.40 | 137.85 | 147.25 | OK | |
r-patched-solaris-x86 | 1.1.3 | 241.80 | OK | |||
r-release-linux-x86_64 | 1.1.3 | 7.35 | 134.81 | 142.16 | OK | |
r-release-windows-ix86+x86_64 | 1.1.3 | 25.00 | 191.00 | 216.00 | OK | |
r-release-osx-x86_64 | 1.1.3 | OK | ||||
r-oldrel-windows-ix86+x86_64 | 1.1.3 | 19.00 | 132.00 | 151.00 | OK | |
r-oldrel-osx-x86_64 | 1.1.3 | OK |
Version: 1.1.3
Check: whether package can be installed
Result: WARN
Found the following significant warnings:
Note: break may be used in wrong context: no loop is visible
Flavors: r-devel-linux-x86_64-debian-clang, r-devel-linux-x86_64-debian-gcc, r-devel-linux-x86_64-fedora-clang, r-devel-linux-x86_64-fedora-gcc, r-devel-windows-ix86+x86_64